{"id":113,"date":"2011-06-24T16:11:51","date_gmt":"2011-06-24T16:11:51","guid":{"rendered":"https:\/\/2011.lisboa.wordcamp.org\/?page_id=113"},"modified":"2012-11-08T14:55:54","modified_gmt":"2012-11-08T14:55:54","slug":"apresentacoes","status":"publish","type":"page","link":"https:\/\/lisboa.wordcamp.org\/2011\/apresentacoes\/","title":{"rendered":"Apresenta\u00e7\u00f5es"},"content":{"rendered":"<table>\n<tbody>\n<tr>\n<th>Hora<\/th>\n<th>Apresenta\u00e7\u00e3o<\/th>\n<\/tr>\n<tr>\n<td>8:30<\/td>\n<td>Registo, acredita\u00e7\u00e3o e <em>networking<\/em><\/td>\n<\/tr>\n<tr>\n<td>9:30<\/td>\n<td>Boas vindas<\/td>\n<\/tr>\n<tr>\n<td>9:45<\/td>\n<td><strong>Paulo Faustino<\/strong> (pt)<a href=\"https:\/\/2011.lisboa.wordcamp.org\/oradores\/#paulo-faustino\"><br \/>\n<\/a><a href=\"https:\/\/2011.lisboa.wordcamp.org\/session\/mais-do-que-um-blog-diferentes-formas-de-usar-o-wordpress-comercialmente\/\" rel=\"bookmark\">Mais do que um blog: diferentes formas de usar o WordPress comercialmente<\/a><\/td>\n<\/tr>\n<tr>\n<td>10:15<\/td>\n<td><strong>Drew Strojny<\/strong> (en)<a href=\"https:\/\/2011.lisboa.wordcamp.org\/oradores\/#drew-strojny\"><br \/>\n<\/a>Como construir um neg\u00f3cio baseado no WordPress<\/td>\n<\/tr>\n<tr>\n<td>10:45<\/td>\n<td><em>Intervalo<\/em><\/td>\n<\/tr>\n<tr>\n<td>11:00<\/td>\n<td><strong>Nuno Morgadinho<\/strong> (pt)<br \/>\n<a href=\"https:\/\/2011.lisboa.wordcamp.org\/session\/de-curioso-a-poeta-a-comunidade-e-a-cultura-wordpress\/\"> De curioso a poeta &#8211; a comunidade<br \/>\ne a cultura WordPress<\/a><\/td>\n<\/tr>\n<tr>\n<td>11:30<\/td>\n<td><strong>Rui Santos e S\u00e9rgio Carvalho<\/strong> (pt)<br \/>\n<a href=\"https:\/\/2011.lisboa.wordcamp.org\/session\/blog-com-wordpress-em-grande-escala\/\" rel=\"bookmark\">blog.com \u2013 WordPress em grande escala<\/a><\/td>\n<\/tr>\n<tr>\n<td>12:00<\/td>\n<td><strong>Scott Berkun<\/strong> (en)<br \/>\n<a href=\"https:\/\/2011.lisboa.wordcamp.org\/session\/como-e-feito-o-wordpress-com\/\" rel=\"bookmark\">Como \u00e9 feito o WordPress.com<\/a><\/td>\n<\/tr>\n<tr>\n<td>12:30<\/td>\n<td>\u00a0<em>Almo\u00e7o<\/em><\/td>\n<\/tr>\n<tr>\n<td>14:00<\/td>\n<td><strong>Isaac Keyet<\/strong> (en)<br \/>\n<a href=\"https:\/\/2011.lisboa.wordcamp.org\/session\/wordpress-em-dispositivos-moveis\/\"> WordPress em dispositivos m\u00f3veis<\/a><\/td>\n<\/tr>\n<tr>\n<td>14:30<\/td>\n<td><strong>Ana Silva<\/strong> (pt)<br \/>\n<a href=\"https:\/\/2011.lisboa.wordcamp.org\/session\/a-arte-da-vida-em-forma-de-blog\/\"> A arte da vida em forma de blog<\/a><\/td>\n<\/tr>\n<tr>\n<td>15:00<\/td>\n<td><strong>Hugo Baeta<\/strong> (pt)<br \/>\n<a href=\"https:\/\/2011.lisboa.wordcamp.org\/session\/como-desenhar-um-site-no-wordpress-com\/\"> Como desenhar um site com WordPress.com<\/a><\/td>\n<\/tr>\n<tr>\n<td><em>15:30<\/em><\/td>\n<td><em>Intervalo<\/em><\/td>\n<\/tr>\n<tr>\n<td>16:00<\/td>\n<td><strong>Tiago Noronha<\/strong> (pt)<br \/>\n<a href=\"https:\/\/2011.lisboa.wordcamp.org\/session\/wordpress-hoje\/\"> WordPress hoje<\/a><\/td>\n<\/tr>\n<tr>\n<td>16:30<\/td>\n<td><strong>Pedro Dias<\/strong> (pt)<br \/>\n<a href=\"https:\/\/2011.lisboa.wordcamp.org\/session\/por-detras-da-cortina\/\"> WordPress por detr\u00e1s das cortinas<\/a><\/td>\n<\/tr>\n<tr>\n<td>17:00<\/td>\n<td><strong>Andr\u00e9 Luis<\/strong> (pt)<br \/>\n<a href=\"https:\/\/2011.lisboa.wordcamp.org\/session\/dr-copyright-ou-como-eu-deixei-de-me-preocupar-e-passei-a-adorar-licencas-permissivas\/\"> Dr. Copyright ou como eu deixei de me preocupar e passei a adorar licen\u00e7as permissivas<\/a><\/td>\n<\/tr>\n<tr>\n<td>17:30<\/td>\n<td><strong>Z\u00e9 Fontainhas<\/strong><br \/>\nFecho: Estado do WordPress em Portugal<\/td>\n<\/tr>\n<\/tbody>\n<\/table>\n\n\t\t<div class=\"cpt-loop sessions\">\n\t\t\t\n\t\t\t<div class=\"grid_6 alpha\">\n\t\t\t\t\n\t\t\t\t\t\n\t\t\t\t\t<div id=\"post-1008\" class=\"session odd post-1008 wcb_session type-wcb_session status-publish hentry\" >\n\t\t\t\t\t\t<h3 class=\"entry-title session-title\">\n\t\t\t\t\t\t\t<a href=\"https:\/\/lisboa.wordcamp.org\/2011\/session\/como-desenhar-um-site-no-wordpress-com\/\">\n\t\t\t\t\t\t\t\tComo desenhar um site no WordPress.com\t\t\t\t\t\t\t<\/a>\n\t\t\t\t\t\t<\/h3>\n\n\t\t\t\t\t\t<div class=\"entry-meta session-speakers session-meta\">Apresentado por Hugo Baeta<\/div>\n\t\t\t\t\t\t<div class=\"entry-content session-description\">\n\t\t\t\t\t\t\t\t\t\t\t\t\t\t<p><img alt='' src='https:\/\/secure.gravatar.com\/avatar\/e94925242cd9570edb2522929c6648fc1bcbf0303203f6fa52ff157eabdec9e9?s=100&#038;d=mm&#038;r=g' srcset='https:\/\/secure.gravatar.com\/avatar\/e94925242cd9570edb2522929c6648fc1bcbf0303203f6fa52ff157eabdec9e9?s=200&#038;d=mm&#038;r=g 2x' class='avatar avatar-100 photo' height='100' width='100' \/>Esta apresenta\u00e7\u00e3o vai mostrar a diferen\u00e7a entre uma instala\u00e7\u00e3o <em>self-hosted<\/em> e o WordPress.com e como este pode ser mais interessante para um perfil de designer\/front-end developer quando este n\u00e3o est\u00e1 interessado em ter um tema feito de raiz ou em usar  <em>plugins<\/em> ex\u00f3ticos. <\/p>\n<p>V\u00e3o ser ainda apresentados, acompanhados de casos pr\u00e1ticos, alguns <em>upgrades<\/em> dispon\u00edveis no WordPress.com e caracter\u00edsticas \u00fanicas deste servi\u00e7o assim como boas pr\u00e1ticas para quem desenha um site no WordPress.com. \u00c9 dada especial aten\u00e7\u00e3o ao poder da boa utiliza\u00e7\u00e3o de CSS, a uma arquitectura de excel\u00eancia e ao melhor uso dos recursos <em>core<\/em> do WordPress.<\/p>\n\t\t\t\t\t\t<\/div>\n\t\t\t\t\t<\/div>\n\n\t\t\t\t\n\t\t\t\t\t\n\t\t\t\t\t<div id=\"post-969\" class=\"session even post-969 wcb_session type-wcb_session status-publish hentry\" >\n\t\t\t\t\t\t<h3 class=\"entry-title session-title\">\n\t\t\t\t\t\t\t<a href=\"https:\/\/lisboa.wordcamp.org\/2011\/session\/como-e-feito-o-wordpress-com\/\">\n\t\t\t\t\t\t\t\tComo \u00e9 feito o WordPress.com\t\t\t\t\t\t\t<\/a>\n\t\t\t\t\t\t<\/h3>\n\n\t\t\t\t\t\t<div class=\"entry-meta session-speakers session-meta\">Apresentado por Scott Berkun<\/div>\n\t\t\t\t\t\t<div class=\"entry-content session-description\">\n\t\t\t\t\t\t\t\t\t\t\t\t\t\t<p><a href=\"https:\/\/2011.lisboa.wordcamp.org\/oradores\/#scott-berkun\"><img alt='' src='https:\/\/secure.gravatar.com\/avatar\/e779341ed219770a68fb47ca3bec1692387212ae72158e4fa8597c19c92d1ca7?s=100&#038;d=mm&#038;r=g' srcset='https:\/\/secure.gravatar.com\/avatar\/e779341ed219770a68fb47ca3bec1692387212ae72158e4fa8597c19c92d1ca7?s=200&#038;d=mm&#038;r=g 2x' class='avatar avatar-100 photo' height='100' width='100' \/><\/a>\u00c9 verdade que todos sabemos o que \u00e9 o WordPress.com, mas tamb\u00e9m \u00e9 verdade que poucos sabem como \u00e9 o processo de decis\u00e3o dentro da equipa, isto \u00e9 como s\u00e3o tomadas diariamente as decis\u00f5es que levam a novas funcionalidades. <\/p>\n<p>Esta apresenta\u00e7\u00e3o, sobre como funciona internamente a equipa do WordPress.com explica como a equipa trabalha e comunica, incluindo como escolhem e desenvolvem novas funcionalidade, como interagem com WordPress.org (o projecto open source) e como uma equipa espalhada pelo mundo em diferentes fusos hor\u00e1rios produz resultados.<\/p>\n\t\t\t\t\t\t<\/div>\n\t\t\t\t\t<\/div>\n\n\t\t\t\t\n\t\t\t\t\t\n\t\t\t\t\t<div id=\"post-952\" class=\"session odd post-952 wcb_session type-wcb_session status-publish hentry\" >\n\t\t\t\t\t\t<h3 class=\"entry-title session-title\">\n\t\t\t\t\t\t\t<a href=\"https:\/\/lisboa.wordcamp.org\/2011\/session\/de-curioso-a-poeta-a-comunidade-e-a-cultura-wordpress\/\">\n\t\t\t\t\t\t\t\tDe curioso a poeta &#8211; a comunidade e a cultura WordPress\t\t\t\t\t\t\t<\/a>\n\t\t\t\t\t\t<\/h3>\n\n\t\t\t\t\t\t<div class=\"entry-meta session-speakers session-meta\">Apresentado por Nuno Morgadinho<\/div>\n\t\t\t\t\t\t<div class=\"entry-content session-description\">\n\t\t\t\t\t\t\t\t\t\t\t\t\t\t<p><a href=\"https:\/\/2011.lisboa.wordcamp.org\/oradores\/#nuno-morgadinho\"><img alt='' src='https:\/\/secure.gravatar.com\/avatar\/1587a4bd9aa73818823dae1b661300f3f148e145df6ee441653fbd95b3741e5c?s=100&#038;d=mm&#038;r=g' srcset='https:\/\/secure.gravatar.com\/avatar\/1587a4bd9aa73818823dae1b661300f3f148e145df6ee441653fbd95b3741e5c?s=200&#038;d=mm&#038;r=g 2x' class='avatar avatar-100 photo' height='100' width='100' \/><\/a>Um relato em primeira m\u00e3o de como \u00e9 participar na comunidade WordPress, desde a ajuda na tradu\u00e7\u00e3o, nos forums de suporte, desenvolvimento de temas e plugins, at\u00e9 um dia chegar a Code Poet portugu\u00eas!<\/p>\n<p>Esta apresenta\u00e7\u00e3o pretende mostrar como funciona a comunidade \u00e0 volta do WordPress, como participar, como se envolver e ganhar reputa\u00e7\u00e3o e algumas coisas a evitar. <\/p>\n<p>Se pensa que para fazer parte da comunidade precisa de se inscrever algures, preencher um formul\u00e1rio ou pagar quotas ent\u00e3o esta apresenta\u00e7\u00e3o \u00e9 para si &#8211; pois est\u00e1 redondamente enganado!<\/p>\n\t\t\t\t\t\t<\/div>\n\t\t\t\t\t<\/div>\n\n\t\t\t\t\n\t\t\t\t\t\n\t\t\t\t\t<div id=\"post-879\" class=\"session even post-879 wcb_session type-wcb_session status-publish hentry\" >\n\t\t\t\t\t\t<h3 class=\"entry-title session-title\">\n\t\t\t\t\t\t\t<a href=\"https:\/\/lisboa.wordcamp.org\/2011\/session\/blog-com-wordpress-em-grande-escala\/\">\n\t\t\t\t\t\t\t\tblog.com &#8211; WordPress em grande escala\t\t\t\t\t\t\t<\/a>\n\t\t\t\t\t\t<\/h3>\n\n\t\t\t\t\t\t<div class=\"entry-meta session-speakers session-meta\">Apresentado por Rui Santos e S\u00e9rgio Carvalho<\/div>\n\t\t\t\t\t\t<div class=\"entry-content session-description\">\n\t\t\t\t\t\t\t\t\t\t\t\t\t\t<p><a href=\"https:\/\/2011.lisboa.wordcamp.org\/oradores\/#rui-santos\"><img alt='' src='https:\/\/secure.gravatar.com\/avatar\/a452da534776ee3f0337d9f6fc24805b41d62d6ba1da9b760d6582576ae5a50a?s=100&#038;d=mm&#038;r=g' srcset='https:\/\/secure.gravatar.com\/avatar\/a452da534776ee3f0337d9f6fc24805b41d62d6ba1da9b760d6582576ae5a50a?s=200&#038;d=mm&#038;r=g 2x' class='avatar avatar-100 photo' height='100' width='100' \/><\/a><a href=\"https:\/\/2011.lisboa.wordcamp.org\/oradores\/#sergio-carvalho\"><img alt='' src='https:\/\/secure.gravatar.com\/avatar\/3dff3554654380f9ba7e68764e3e19d61668e893845fac85c68dd5c323608293?s=100&#038;d=mm&#038;r=g' srcset='https:\/\/secure.gravatar.com\/avatar\/3dff3554654380f9ba7e68764e3e19d61668e893845fac85c68dd5c323608293?s=200&#038;d=mm&#038;r=g 2x' class='avatar avatar-100 photo' height='100' width='100' \/><\/a> O <a href=\"http:\/\/blog.com\" target=\"_blank\">blog.com<\/a> \u00e9 uma das instala\u00e7\u00f5es mundiais de refer\u00eancia de WordPress e, sendo gerido em Portugal \u00e9, com alguma certeza, a maior instala\u00e7\u00e3o de WordPress em Portugal. Esta sess\u00e3o foca duas componentes interessantes do trabalho no site: o desenho da infraestrutura inform\u00e1tica para lidar com altos d\u00e9bitos, e o trabalho em torno da usabilidade do software feito pela <a href=\"http:\/\/blog.com\" target=\"_blank\">blog.com<\/a>.<\/p>\n<p>A parte da sess\u00e3o focada na infraestrutura explica as solu\u00e7\u00f5es encontradas para lidar com os problemas de servir wordpress em grande escala. \u00c9 focada na evolu\u00e7\u00e3o da solu\u00e7\u00e3o \u00e0 medida que a escala aumenta, para que a apresenta\u00e7\u00e3o seja \u00fatil para todos os n\u00edveis de volume de servi\u00e7o WordPress.<\/p>\n<p>A segunda parte da sess\u00e3o, focada no trabalho de usabilidade feito internamente, apresenta o projecto de melhoria do interface WordPress em curso na <a href=\"http:\/\/blog.com\" target=\"_blank\">blog.com<\/a>: identifica v\u00e1rias quest\u00f5es de usabilidade sentidas pelos seus utilizadores, apresenta o trabalho de defini\u00e7\u00e3o de interface feito internamente e as solu\u00e7\u00f5es encontradas.<\/p>\n\t\t\t\t\t\t<\/div>\n\t\t\t\t\t<\/div>\n\n\t\t\t\t\n\t\t\t\t\t\n\t\t\t\t\t<div id=\"post-849\" class=\"session odd post-849 wcb_session type-wcb_session status-publish hentry\" >\n\t\t\t\t\t\t<h3 class=\"entry-title session-title\">\n\t\t\t\t\t\t\t<a href=\"https:\/\/lisboa.wordcamp.org\/2011\/session\/por-detras-da-cortina\/\">\n\t\t\t\t\t\t\t\tPor detr\u00e1s das cortinas\t\t\t\t\t\t\t<\/a>\n\t\t\t\t\t\t<\/h3>\n\n\t\t\t\t\t\t<div class=\"entry-meta session-speakers session-meta\">Apresentado por Pedro Dias<\/div>\n\t\t\t\t\t\t<div class=\"entry-content session-description\">\n\t\t\t\t\t\t\t\t\t\t\t\t\t\t<p><a href=\"https:\/\/2011.lisboa.wordcamp.org\/oradores\/#pedro-dias\"><img alt='' src='https:\/\/secure.gravatar.com\/avatar\/47547b43a5200d1fdfd0dcdab6f470483e379f0eb8427b8db385479f64fb41d3?s=100&#038;d=mm&#038;r=g' srcset='https:\/\/secure.gravatar.com\/avatar\/47547b43a5200d1fdfd0dcdab6f470483e379f0eb8427b8db385479f64fb41d3?s=200&#038;d=mm&#038;r=g 2x' class='avatar avatar-100 photo' height='100' width='100' \/><\/a>O WordPress \u00e9 a solu\u00e7\u00e3o mais utilizada em todo mundo para a constru\u00e7\u00e3o e manuten\u00e7\u00e3o de um site, mas muitos bloggers apenas conhecem o WordPress como uma solu\u00e7\u00e3o de chave na m\u00e3o, abstraindo-se totalmente do que se passa atr\u00e1s das cortinas.<\/p>\n<p>Esta apresenta\u00e7\u00e3o pretende demonstrar todo esse processo, desde de uma simples visita ao blog, at\u00e9 aos dados dessa visita serem guardados num dispositivo de armazenamento de um servidor e consequentemente mostrados no browser do visitante.<\/p>\n<p>Tamb\u00e9m, os bastidores dos blogs de hoje s\u00e3o bem diferentes: onde antigamente existia um \u00fanico servidor hoje existe uma cloud. Nesta apresenta\u00e7\u00e3o ser\u00e1 tamb\u00e9m abordado o tema de como essa cloud afecta todo o funcionamento e robustez de um site, com o caso pr\u00e1tico da cloud da PTisp e como esta permite um servi\u00e7o sem falhas e seguro ao n\u00edvel aplicacional do WordPress.<\/p>\n\t\t\t\t\t\t<\/div>\n\t\t\t\t\t<\/div>\n\n\t\t\t\t\n\t\t\t\t\t<\/div><div class=\"grid_6 omega\">\n\t\t\t\t\t<div id=\"post-820\" class=\"session even post-820 wcb_session type-wcb_session status-publish hentry\" >\n\t\t\t\t\t\t<h3 class=\"entry-title session-title\">\n\t\t\t\t\t\t\t<a href=\"https:\/\/lisboa.wordcamp.org\/2011\/session\/wordpress-hoje\/\">\n\t\t\t\t\t\t\t\tWordPress hoje\t\t\t\t\t\t\t<\/a>\n\t\t\t\t\t\t<\/h3>\n\n\t\t\t\t\t\t<div class=\"entry-meta session-speakers session-meta\">Apresentado por Tiago Noronha<\/div>\n\t\t\t\t\t\t<div class=\"entry-content session-description\">\n\t\t\t\t\t\t\t\t\t\t\t\t\t\t<p><a href=\"https:\/\/2011.lisboa.wordcamp.org\/oradores\/#tiago-noronha\"><img alt='' src='https:\/\/secure.gravatar.com\/avatar\/0352cd451932c8a2ab15b8457933e6d90cc919bbf23db63e3bc35ee41d56577e?s=100&#038;d=mm&#038;r=g' srcset='https:\/\/secure.gravatar.com\/avatar\/0352cd451932c8a2ab15b8457933e6d90cc919bbf23db63e3bc35ee41d56577e?s=200&#038;d=mm&#038;r=g 2x' class='avatar avatar-100 photo' height='100' width='100' \/><\/a>Esta apresenta\u00e7\u00e3o tem como base o trabalho que a <a href=\"http:\/\/woothemes.com\" target=\"_blank\">WooThemes<\/a> tem vindo desenvolver desde que foram\u00a0lan\u00e7ados os novos Custom Post Types, estabelecendo uma compara\u00e7\u00e3o directa\u00a0entre os dias de hoje (WordPress como um CMS) e o passado.<\/p>\n\t\t\t\t\t\t<\/div>\n\t\t\t\t\t<\/div>\n\n\t\t\t\t\n\t\t\t\t\t\n\t\t\t\t\t<div id=\"post-779\" class=\"session odd post-779 wcb_session type-wcb_session status-publish hentry\" >\n\t\t\t\t\t\t<h3 class=\"entry-title session-title\">\n\t\t\t\t\t\t\t<a href=\"https:\/\/lisboa.wordcamp.org\/2011\/session\/a-arte-da-vida-em-forma-de-blog\/\">\n\t\t\t\t\t\t\t\tA arte da vida em forma de blog\t\t\t\t\t\t\t<\/a>\n\t\t\t\t\t\t<\/h3>\n\n\t\t\t\t\t\t<div class=\"entry-meta session-speakers session-meta\">Apresentado por Ana Silva<\/div>\n\t\t\t\t\t\t<div class=\"entry-content session-description\">\n\t\t\t\t\t\t\t\t\t\t\t\t\t\t<p><a href=\"https:\/\/2011.lisboa.wordcamp.org\/oradores\/#ana-silva\"><img alt='' src='https:\/\/secure.gravatar.com\/avatar\/3875c4aaf91ed3abbaa47bb294d3642ca66f4d4d6603fff463d8e3262d0d5b65?s=100&#038;d=mm&#038;r=g' srcset='https:\/\/secure.gravatar.com\/avatar\/3875c4aaf91ed3abbaa47bb294d3642ca66f4d4d6603fff463d8e3262d0d5b65?s=200&#038;d=mm&#038;r=g 2x' class='avatar avatar-100 photo' height='100' width='100' \/><\/a>O gosto pela escrita esteve sempre presente mas s\u00f3 em 2006, descobrindo a facilidade de criar um blog, d\u00e1 os primeiros passos numa esp\u00e9cie de \u201cQuerido di\u00e1rio\u2026\u201d digital.<\/p>\n<p>Vai-se cruzando v\u00e1rias vezes com o universo WordPress, mas um namoro fugaz e conturbado com uma outra plataforma de CMS (hist\u00f3ria que vai ser partilhada no palco do WordCamp Lisboa!) rouba-lhe a aten\u00e7\u00e3o por uns tempos. Em 2010, desafiada para partilhar o que pensa e sabe sobre social media e plataformas sociais num contexto empresarial, decide finalmente assumir o compromisso, criando o <a href=\"http:\/\/artlifework.wordpress.com\/\" target=\"_blank\">The art of life and work<\/a>.<\/p>\n<p>Sonha com o dia em que, nem que seja por tentativa e erro, customizar\u00e1 o <a href=\"http:\/\/artlifework.wordpress.com\/\" target=\"_blank\">The art of life and work<\/a> como gente grande (ou melhor, como gente que sabe o que faz). Enquanto esse dia n\u00e3o chega, vai partilhando connosco como utiliza as plataformas de blogues, e o WordPress em especial, para promo\u00e7\u00e3o dos seus (variados) projectos e devaneios!<\/p>\n<p>Uma perspectiva \u00fanica de algu\u00e9m que chega ao WordPress sem ser <em>developer<\/em> ou designer, e como este a ajudou nos v\u00e1rios projectos em que est\u00e1 envolvida.<\/p>\n\t\t\t\t\t\t<\/div>\n\t\t\t\t\t<\/div>\n\n\t\t\t\t\n\t\t\t\t\t\n\t\t\t\t\t<div id=\"post-771\" class=\"session even post-771 wcb_session type-wcb_session status-publish hentry\" >\n\t\t\t\t\t\t<h3 class=\"entry-title session-title\">\n\t\t\t\t\t\t\t<a href=\"https:\/\/lisboa.wordcamp.org\/2011\/session\/mais-do-que-um-blog-diferentes-formas-de-usar-o-wordpress-comercialmente\/\">\n\t\t\t\t\t\t\t\tMais do que um blog: diferentes formas de usar o WordPress comercialmente\t\t\t\t\t\t\t<\/a>\n\t\t\t\t\t\t<\/h3>\n\n\t\t\t\t\t\t<div class=\"entry-meta session-speakers session-meta\">Apresentado por Paulo Faustino<\/div>\n\t\t\t\t\t\t<div class=\"entry-content session-description\">\n\t\t\t\t\t\t\t\t\t\t\t\t\t\t<p><img alt='' src='https:\/\/secure.gravatar.com\/avatar\/2d254334bc647e6a7af9182ca746235a4ff5cdc5939409fca86bac93b17d1bdf?s=100&#038;d=mm&#038;r=g' srcset='https:\/\/secure.gravatar.com\/avatar\/2d254334bc647e6a7af9182ca746235a4ff5cdc5939409fca86bac93b17d1bdf?s=200&#038;d=mm&#038;r=g 2x' class='avatar avatar-100 photo' height='100' width='100' \/>O WordPress \u00e9 utilizado diariamente por milhares de pessoas para criar blogs, muitas vezes por aqueles que procuram obter um rendimento na internet. <\/p>\n<p>No entanto, a grande maioria n\u00e3o est\u00e1 preparado para as exig\u00eancias de escrever e publicar conte\u00fados diariamente, o que faz com que as taxas de abandono sejam extremamente elevadas. Para contrariar isso, apresentamos diferentes formas de usar o WordPress para criar diferentes modelos de neg\u00f3cios online que tenham com objectivos comerciais e produzir resultados, sem que nenhum deles exija a cria\u00e7\u00e3o de um blog e a escrita de conte\u00fado diariamente.<\/p>\n<p>O objectivo \u00e9 demonstrar a flexibilidade do WordPress quando aplicado a quase todos os modelos de neg\u00f3cio online.<\/p>\n\t\t\t\t\t\t<\/div>\n\t\t\t\t\t<\/div>\n\n\t\t\t\t\n\t\t\t\t\t\n\t\t\t\t\t<div id=\"post-769\" class=\"session odd post-769 wcb_session type-wcb_session status-publish hentry\" >\n\t\t\t\t\t\t<h3 class=\"entry-title session-title\">\n\t\t\t\t\t\t\t<a href=\"https:\/\/lisboa.wordcamp.org\/2011\/session\/wordpress-em-dispositivos-moveis\/\">\n\t\t\t\t\t\t\t\tWordPress em dispositivos m\u00f3veis\t\t\t\t\t\t\t<\/a>\n\t\t\t\t\t\t<\/h3>\n\n\t\t\t\t\t\t<div class=\"entry-meta session-speakers session-meta\">Apresentado por Isaac Keyet<\/div>\n\t\t\t\t\t\t<div class=\"entry-content session-description\">\n\t\t\t\t\t\t\t\t\t\t\t\t\t\t<p><a href=\"https:\/\/2011.lisboa.wordcamp.org\/oradores\/#isaac-keyet\"><img alt='' src='https:\/\/secure.gravatar.com\/avatar\/c55f280ae17973cca5501727999d71f904a6cb6dfe861dfd169847f93a610aac?s=100&#038;d=mm&#038;r=g' srcset='https:\/\/secure.gravatar.com\/avatar\/c55f280ae17973cca5501727999d71f904a6cb6dfe861dfd169847f93a610aac?s=200&#038;d=mm&#038;r=g 2x' class='avatar avatar-100 photo' height='100' width='100' \/><\/a>Quais e o que s\u00e3o as aplica\u00e7\u00f5es m\u00f3veis para gerir instala\u00e7\u00f5es de WordPress e o que se pode fazer com elas.<\/p>\n<p>V\u00e3o tamb\u00e9m ser apresentados em primeira m\u00e3o os planos para futuras vers\u00f5es das aplica\u00e7\u00f5es WordPress e da introdu\u00e7\u00e3o de <em>responsive design<\/em>. Aqui ser\u00e1 discutida a melhor maneira de garantir que o seu site \u00e9 correctamente visualizado em todas as combina\u00e7\u00f5es de browsers, monitores e dispositivos, com o m\u00ednimo de trabalho poss\u00edvel.<\/p>\n<p>Se \u00e9 developer de aplica\u00e7\u00f5es m\u00f3veis, autor, webmaster ou simplesmente preocupado em garantir que o seu site pode ser visto em qualquer dispositivo, esta apresenta\u00e7\u00e3o, pela m\u00e3o do respons\u00e1vel do <em>Mobile Team<\/em> da Automattic, vai ser de todo o interesse.<\/p>\n\t\t\t\t\t\t<\/div>\n\t\t\t\t\t<\/div>\n\n\t\t\t\t\n\t\t\t\t\t\n\t\t\t\t\t<div id=\"post-483\" class=\"session even post-483 wcb_session type-wcb_session status-publish hentry\" >\n\t\t\t\t\t\t<h3 class=\"entry-title session-title\">\n\t\t\t\t\t\t\t<a href=\"https:\/\/lisboa.wordcamp.org\/2011\/session\/dr-copyright-ou-como-eu-deixei-de-me-preocupar-e-passei-a-adorar-licencas-permissivas\/\">\n\t\t\t\t\t\t\t\tDr. Copyright ou Como eu deixei de me preocupar e passei a adorar licen\u00e7as permissivas\t\t\t\t\t\t\t<\/a>\n\t\t\t\t\t\t<\/h3>\n\n\t\t\t\t\t\t<div class=\"entry-meta session-speakers session-meta\">Apresentado por Andr\u00e9 Lu\u00eds<\/div>\n\t\t\t\t\t\t<div class=\"entry-content session-description\">\n\t\t\t\t\t\t\t\t\t\t\t\t\t\t<p><a href=\"https:\/\/2011.lisboa.wordcamp.org\/oradores\/#andre-luis\">[gravatar\u00a0email=&#8217;me@andr3.net&#8217; size=100]<\/a>Todos os dias vemos artistas talentosos e criativos a serem v\u00edtimas de direitos de autor restritivos. As pessoas vivem fascinadas pelo poder que a Web nos d\u00e1 de exporem o seu trabalho, mas a possibilidade desse mesmo trabalho ser roubado e abusado por outros faz com que esses artistas se tornem extremamente possessivos em rela\u00e7\u00e3o ao que publicam online.<\/p>\n<p>Em meros instantes, podemos facilmente criar uma galeria online ou um blog no wordpress.com e ter mais olhos a passar pelo nosso trabalho do que um artista bem reputado numa galeria de arte IRL.<\/p>\n<p>Mas h\u00e1 um sen\u00e3o. As pessoas podem roubar o vosso trabalho. A natureza da web diz-nos que tudo o que chega ao browser, pode ser copiado, guardado e, se assim o quiserem, republicado.<\/p>\n<p>Como \u00e9 que podemos evitar que o nosso trabalho seja abusado por pessoas mal intencionadas?<\/p>\n<p>Mais&#8230; como encontrar e re-utilizar trabalho de artistas excelentes sem lhes violar os direitos ou prejudic\u00e1-los?<\/p>\n<p>No final desta sess\u00e3o, ter\u00e3o ouvido hist\u00f3rias que ajudar\u00e3o a compreender o mundo dos direitos de autor e os porqu\u00eas duma partilha activa online. Ter\u00e3o visto tamb\u00e9m ferramentas que podem usar para tornar esta tarefa mais f\u00e1cil e habitual.<\/p>\n\t\t\t\t\t\t<\/div>\n\t\t\t\t\t<\/div>\n\n\t\t\t\t\t\t\t<\/div>\n\t\t<\/div>\n\n\t\t\n","protected":false},"excerpt":{"rendered":"<p>Hora Apresenta\u00e7\u00e3o 8:30 Registo, acredita\u00e7\u00e3o e networking 9:30 Boas vindas 9:45 Paulo Faustino (pt) Mais do que um blog: diferentes formas de usar o WordPress comercialmente 10:15 Drew Strojny (en) Como construir um neg\u00f3cio baseado no WordPress 10:45 Intervalo 11:00 &hellip; <a href=\"https:\/\/lisboa.wordcamp.org\/2011\/session\/dr-copyright-ou-como-eu-deixei-de-me-preocupar-e-passei-a-adorar-licencas-permissivas\/\">Continuar a ler <span class=\"screen-reader-text\">Dr. Copyright ou Como eu deixei de me preocupar e passei a adorar licen\u00e7as permissivas<\/span>  <span class=\"meta-nav\">&rarr;<\/span><\/a><\/p>\n","protected":false},"author":113620,"featured_media":0,"parent":0,"menu_order":1,"comment_status":"closed","ping_status":"closed","template":"template-full-width.php","meta":{"jetpack_post_was_ever_published":false,"footnotes":""},"class_list":["post-113","page","type-page","status-publish","hentry"],"jetpack_shortlink":"https:\/\/wp.me\/P1kLlN-1P","jetpack_sharing_enabled":true,"_links":{"self":[{"href":"https:\/\/lisboa.wordcamp.org\/2011\/wp-json\/wp\/v2\/pages\/113","targetHints":{"allow":["GET"]}}],"collection":[{"href":"https:\/\/lisboa.wordcamp.org\/2011\/wp-json\/wp\/v2\/pages"}],"about":[{"href":"https:\/\/lisboa.wordcamp.org\/2011\/wp-json\/wp\/v2\/types\/page"}],"author":[{"embeddable":true,"href":"https:\/\/lisboa.wordcamp.org\/2011\/wp-json\/wp\/v2\/users\/113620"}],"replies":[{"embeddable":true,"href":"https:\/\/lisboa.wordcamp.org\/2011\/wp-json\/wp\/v2\/comments?post=113"}],"version-history":[{"count":29,"href":"https:\/\/lisboa.wordcamp.org\/2011\/wp-json\/wp\/v2\/pages\/113\/revisions"}],"predecessor-version":[{"id":1098,"href":"https:\/\/lisboa.wordcamp.org\/2011\/wp-json\/wp\/v2\/pages\/113\/revisions\/1098"}],"wp:attachment":[{"href":"https:\/\/lisboa.wordcamp.org\/2011\/wp-json\/wp\/v2\/media?parent=113"}],"curies":[{"name":"wp","href":"https:\/\/api.w.org\/{rel}","templated":true}]}}