{"id":2,"date":"2011-02-02T19:52:23","date_gmt":"2011-02-02T19:52:23","guid":{"rendered":"http:\/\/2011-lisboa.wordcamp.org\/?page_id=2"},"modified":"2011-08-30T14:56:55","modified_gmt":"2011-08-30T14:56:55","slug":"sobre","status":"publish","type":"page","link":"https:\/\/lisboa.wordcamp.org\/2011\/sobre\/","title":{"rendered":"Sobre"},"content":{"rendered":"<p>Vai ter lugar em Lisboa, no dia 24 de Setembro, o primeiro <a href=\"https:\/\/2011.lisboa.wordcamp.org\/\">WordCamp em Portugal<\/a>, e vai precisar da colabora\u00e7\u00e3o de todos para se tornar um sucesso. Ajude com <a href=\"http:\/\/wordcamplisboa2011.eventbrite.com\/\">a sua presen\u00e7a<\/a> e\/ou com <a href=\"https:\/\/2011.lisboa.wordcamp.org\/patrocinadores\/\">o seu patroc\u00edno<\/a>!<\/p>\n<p>O <a href=\"http:\/\/wordcamp.org\">Word\u00adCamp<\/a> \u00e9 um evento de natureza global, sem fins lucrativos. \u00c9 orga\u00adni\u00adzado localmente como uma con\u00adfer\u00ad\u00ean\u00adcia infor\u00admal ded\u00adi\u00adcada a tudo o que est\u00e1 rela\u00adcionado com o Word\u00adPress.<\/p>\n<p>Dirige-se tanto a uti\u00adlizadores exper\u00adi\u00admen\u00adta\u00addos e a profis\u00adsion\u00adais, que querem apro\u00adfun\u00addar os seus con\u00adhec\u00adi\u00admen\u00adtos, como a novos uti\u00adlizadores que pro\u00adcuram desco\u00adbrir esta ferramenta.<\/p>\n<p>Re\u00fane empre\u00adsas e profis\u00adsion\u00adais que prestam servi\u00e7os Word\u00adPress em Por\u00adtu\u00adgal e con\u00adtar\u00e1 com um painel de refer\u00ad\u00ean\u00adcia de par\u00adtic\u00adi\u00adpantes nacionais e inter\u00adna\u00adcionais.<\/p>\n<p>Tal como se tem rev\u00ade\u00adlado em <a href=\"http:\/\/central.wordcamp.org\/schedule\/\">muitas out\u00adras cidades<\/a> que o t\u00eam acol\u00adhido, e que recebem vis\u00adi\u00adtantes de todas as partes do mundo, esta\u00admos cer\u00adtos de que o Word\u00adCamp Lis\u00adboa vai ser um evento \u00edmpar no \u00e2mbito da tec\u00adnolo\u00adgia e da pub\u00adli\u00adca\u00e7\u00e3o dig\u00adi\u00adtal, e com um contributo indel\u00e9vel para a capaci\u00addade de express\u00e3o dig\u00adi\u00adtal do\u00a0pa\u00eds.<\/p>\n","protected":false},"excerpt":{"rendered":"<p>Vai ter lugar em Lisboa, no dia 24 de Setembro, o primeiro WordCamp em Portugal, e vai precisar da colabora\u00e7\u00e3o de todos para se tornar um sucesso. Ajude com a sua presen\u00e7a e\/ou com o seu patroc\u00edno! O Word\u00adCamp \u00e9 &hellip; <a href=\"https:\/\/lisboa.wordcamp.org\/2011\/sobre\/\">Continuar a ler <span class=\"screen-reader-text\">Sobre<\/span>  <span class=\"meta-nav\">&rarr;<\/span><\/a><\/p>\n","protected":false},"author":113620,"featured_media":0,"parent":0,"menu_order":0,"comment_status":"closed","ping_status":"closed","template":"","meta":{"jetpack_post_was_ever_published":false,"footnotes":""},"class_list":["post-2","page","type-page","status-publish","hentry"],"jetpack_shortlink":"https:\/\/wp.me\/P1kLlN-2","jetpack_sharing_enabled":true,"_links":{"self":[{"href":"https:\/\/lisboa.wordcamp.org\/2011\/wp-json\/wp\/v2\/pages\/2","targetHints":{"allow":["GET"]}}],"collection":[{"href":"https:\/\/lisboa.wordcamp.org\/2011\/wp-json\/wp\/v2\/pages"}],"about":[{"href":"https:\/\/lisboa.wordcamp.org\/2011\/wp-json\/wp\/v2\/types\/page"}],"author":[{"embeddable":true,"href":"https:\/\/lisboa.wordcamp.org\/2011\/wp-json\/wp\/v2\/users\/113620"}],"replies":[{"embeddable":true,"href":"https:\/\/lisboa.wordcamp.org\/2011\/wp-json\/wp\/v2\/comments?post=2"}],"version-history":[{"count":7,"href":"https:\/\/lisboa.wordcamp.org\/2011\/wp-json\/wp\/v2\/pages\/2\/revisions"}],"predecessor-version":[{"id":33,"href":"https:\/\/lisboa.wordcamp.org\/2011\/wp-json\/wp\/v2\/pages\/2\/revisions\/33"}],"wp:attachment":[{"href":"https:\/\/lisboa.wordcamp.org\/2011\/wp-json\/wp\/v2\/media?parent=2"}],"curies":[{"name":"wp","href":"https:\/\/api.w.org\/{rel}","templated":true}]}}