{"id":24,"date":"2011-05-07T20:52:31","date_gmt":"2011-05-07T20:52:31","guid":{"rendered":"https:\/\/2011.lisboa.wordcamp.org\/"},"modified":"2011-08-24T18:54:20","modified_gmt":"2011-08-24T18:54:20","slug":"patrocinadores","status":"publish","type":"page","link":"https:\/\/lisboa.wordcamp.org\/2011\/patrocinadores\/","title":{"rendered":"Patrocinadores"},"content":{"rendered":"<p>A <a title=\"WordPress Portugal\" href=\"http:\/\/wp-portugal.com\">Comu\u00adnidade Por\u00adtuguesa de Word\u00adPress<\/a> conta com uma rede de vol\u00adun\u00adt\u00e1rios que prepara o Word\u00adCamp Lis\u00adboa ao por\u00admenor, em conjunto com algu\u00admas enti\u00addades que se asso\u00adcia\u00adram para o tornar pos\u00ads\u00edvel.<\/p>\n<p>Um evento desta dimen\u00ads\u00e3o, mesmo tendo colab\u00ado\u00adradores ded\u00adi\u00adca\u00addos, exige uma mobi\u00adliza\u00ad\u00e7\u00e3o de recur\u00adsos e uma log\u00eds\u00adtica a que o vol\u00adun\u00adtarismo por si s\u00f3 n\u00e3o pode respon\u00adder. Por isso, neces\u00adsi\u00adta\u00admos tam\u00adb\u00e9m de todos os que se queiram jun\u00adtar a n\u00f3s para tornar o Word\u00adCamp um evento nacional de dimen\u00ads\u00e3o global e motivo de orgulho, con\u00adtribuindo acti\u00adva\u00admente com dona\u00adtivos, patroc\u00ednios e ofer\u00adtas de natureza log\u00edstica.<\/p>\n<p>Estamos seguros de que \u00e9 um acr\u00e9scimo de qual\u00adi\u00addade e noto\u00adriedade, quer ao Word\u00adCamp quer \u00e0 activi\u00addade da sua empresa, apoiar a um evento global desta dimen\u00ads\u00e3o.<\/p>\n<h2>N\u00edveis de patroc\u00ednio<\/h2>\n<p>Se est\u00e1 interessado em apoiar este evento, estes s\u00e3o os n\u00edveis de patroc\u00ednio definidos. Note que n\u00e3o s\u00e3o r\u00edgidos e que estamos abertos a outras ideias que possa ter para patrocinar o evento.<\/p>\n<p><strong>Ouro<\/strong> &#8211; <em>a par\u00adtir de 2.500\u20ac<\/em><\/p>\n<ul>\n<li>5 Bil\u00adhetes e con\u00advites para o jan\u00adtar de oradores<\/li>\n<li>Logotipo (200&#215;200) e link no site e em todo o mate\u00adr\u00adial pro\u00admo\u00adcional (emails, ban\u00adners no evento)<\/li>\n<li>Artigo no blog e tweet a anun\u00adciar o patroc\u00ednio<\/li>\n<li>Mate\u00adr\u00adial pro\u00admo\u00adcional no \u00e1trio (4 auto\u00adcolantes ou 2 objec\u00adtos)<\/li>\n<li>Agradec\u00adi\u00admento for\u00admal no evento<\/li>\n<\/ul>\n<p><strong>Prata<\/strong> &#8211;\u00a0<em>1.500\u20ac<\/em><\/p>\n<ul>\n<li>3 Bil\u00adhetes e con\u00advites para o jan\u00adtar de oradores<\/li>\n<li>Logotipo (200&#215;200)\u00a0e link no site e\u00a0em todo o mate\u00adr\u00adial pro\u00admo\u00adcional (emails, ban\u00adners no evento)<\/li>\n<li>Artigo no blog e tweet a anun\u00adciar o patroc\u00ednio<\/li>\n<li>Mate\u00adr\u00adial pro\u00admo\u00adcional no \u00e1trio (2 auto\u00adcolantes ou 1 objecto)<\/li>\n<li>Agradec\u00adi\u00admento for\u00admal no evento<\/li>\n<\/ul>\n<p><strong>Bronze<\/strong> &#8211; <em>1.000\u20ac<\/em><\/p>\n<ul>\n<li>2 Bil\u00adhetes e con\u00advites para o jan\u00adtar de oradores<\/li>\n<li>Logotipo (100&#215;100)\u00a0e link no site e\u00a0em todo o mate\u00adr\u00adial pro\u00admo\u00adcional (emails, ban\u00adners no evento)<\/li>\n<li>Artigo no blog e tweet a anun\u00adciar o patroc\u00ednio<\/li>\n<li>Mate\u00adr\u00adial pro\u00admo\u00adcional no \u00e1trio (1 auto\u00adcolante ou 1 objecto)<\/li>\n<li>Agradec\u00adi\u00admento for\u00admal no evento<\/li>\n<\/ul>\n<p><strong>PME<\/strong> &#8211; <em>500\u20ac<\/em><\/p>\n<ul>\n<li>1 Bil\u00adhete e con\u00advite para o jan\u00adtar de oradores<\/li>\n<li>Logotipo (100&#215;100)\u00a0e link pequenos no site<\/li>\n<li>Agradec\u00adi\u00admento for\u00admal no evento<\/li>\n<\/ul>\n<p><strong>Microspon\u00adsor<\/strong> &#8211; <em>150\u20ac<\/em><\/p>\n<ul>\n<li>1 Bil\u00adhete e\u00a0con\u00advite para o jan\u00adtar de oradores<\/li>\n<li>Link de texto no site<\/li>\n<\/ul>\n<h2>Torne-se patrocinador<\/h2>\n<p>Por favor preencha este formul\u00e1rio para indicar o seu interesse em patrocinar o WordCamp Lisboa 2011<\/p>\n<p><iframe loading=\"lazy\" src=\"http:\/\/4914765.polldaddy.com\/s\/proposta-de-patroc\u00ednio-do-wordcamp-2011?iframe=1\" frameborder=\"0\" scrolling=\"auto\" width=\"100%\" height=\"800\"><\/iframe><\/p>\n","protected":false},"excerpt":{"rendered":"<p>A Comu\u00adnidade Por\u00adtuguesa de Word\u00adPress conta com uma rede de vol\u00adun\u00adt\u00e1rios que prepara o Word\u00adCamp Lis\u00adboa ao por\u00admenor, em conjunto com algu\u00admas enti\u00addades que se asso\u00adcia\u00adram para o tornar pos\u00ads\u00edvel. Um evento desta dimen\u00ads\u00e3o, mesmo tendo colab\u00ado\u00adradores ded\u00adi\u00adca\u00addos, exige uma &hellip; <a href=\"https:\/\/lisboa.wordcamp.org\/2011\/patrocinadores\/\">Continuar a ler <span class=\"screen-reader-text\">Patrocinadores<\/span>  <span class=\"meta-nav\">&rarr;<\/span><\/a><\/p>\n","protected":false},"author":5739462,"featured_media":0,"parent":0,"menu_order":2,"comment_status":"closed","ping_status":"closed","template":"","meta":{"jetpack_post_was_ever_published":false,"footnotes":""},"class_list":["post-24","page","type-page","status-publish","hentry"],"jetpack_shortlink":"https:\/\/wp.me\/P1kLlN-o","jetpack_sharing_enabled":true,"_links":{"self":[{"href":"https:\/\/lisboa.wordcamp.org\/2011\/wp-json\/wp\/v2\/pages\/24","targetHints":{"allow":["GET"]}}],"collection":[{"href":"https:\/\/lisboa.wordcamp.org\/2011\/wp-json\/wp\/v2\/pages"}],"about":[{"href":"https:\/\/lisboa.wordcamp.org\/2011\/wp-json\/wp\/v2\/types\/page"}],"author":[{"embeddable":true,"href":"https:\/\/lisboa.wordcamp.org\/2011\/wp-json\/wp\/v2\/users\/5739462"}],"replies":[{"embeddable":true,"href":"https:\/\/lisboa.wordcamp.org\/2011\/wp-json\/wp\/v2\/comments?post=24"}],"version-history":[{"count":18,"href":"https:\/\/lisboa.wordcamp.org\/2011\/wp-json\/wp\/v2\/pages\/24\/revisions"}],"predecessor-version":[{"id":77,"href":"https:\/\/lisboa.wordcamp.org\/2011\/wp-json\/wp\/v2\/pages\/24\/revisions\/77"}],"wp:attachment":[{"href":"https:\/\/lisboa.wordcamp.org\/2011\/wp-json\/wp\/v2\/media?parent=24"}],"curies":[{"name":"wp","href":"https:\/\/api.w.org\/{rel}","templated":true}]}}