{"id":171,"date":"2012-07-30T14:30:35","date_gmt":"2012-07-30T14:30:35","guid":{"rendered":"https:\/\/2012.lisboa.wordcamp.org\/?post_type=wcb_sponsor&#038;p=171"},"modified":"2012-07-31T23:48:49","modified_gmt":"2012-07-31T23:48:49","slug":"lisbon-digital-week","status":"publish","type":"wcb_sponsor","link":"https:\/\/lisboa.wordcamp.org\/2012\/sponsor\/lisbon-digital-week\/","title":{"rendered":"Lisbon Digital Week"},"content":{"rendered":"<div id=\"attachment_173\" style=\"width: 210px\" class=\"wp-caption alignleft\"><a href=\"http:\/\/lisbondigitalweek.com\/\" target=\"_blank\" rel=\"nofollow\"><img loading=\"lazy\" decoding=\"async\" aria-describedby=\"caption-attachment-173\" class=\"size-full wp-image-173 \" title=\"Lisbon Digital Week\" src=\"https:\/\/2012.lisboa.wordcamp.org\/files\/2012\/07\/lisbondigitalweek.png\" alt=\"\" width=\"200\" height=\"200\" srcset=\"https:\/\/lisboa.wordcamp.org\/2012\/files\/2012\/07\/lisbondigitalweek.png 200w, https:\/\/lisboa.wordcamp.org\/2012\/files\/2012\/07\/lisbondigitalweek-150x150.png 150w\" sizes=\"auto, (max-width: 200px) 100vw, 200px\" \/><\/a><p id=\"caption-attachment-173\" class=\"wp-caption-text\"><em><a href=\"http:\/\/lisbondigitalweek.com\/\" target=\"_blank\" rel=\"nofollow\">lisbondigitalweek.com<\/a><\/em><\/p><\/div>\n<p>A <a href=\"http:\/\/lisbondigitalweek.com\/\" target=\"_blank\" rel=\"nofollow\"><em>Lisbon Digital Week<\/em><\/a> \u00e9 um agregado de grandes eventos dedicados a tudo o que acontece no mundo digital em Lisboa, em Setembro.<\/p>\n<p>Desde confer\u00eancias sobre <em>webdesign<\/em> e desenvolvimento at\u00e9 eventos de <em>networking<\/em> e empresariais, esta \u00e9 uma semana para celebrar tudo aquilo em que o formato digital pode tornar nossas vidas melhores.<\/p>\n<p>Neste momento fazem parte deste grupo, al\u00e9m do WordCamp Lisboa 2012, os eventos <a href=\"http:\/\/refresh-lx.com\/\" target=\"_blank\" rel=\"nofollow\">Refresh LX<\/a>, <a href=\"http:\/\/floridaafterseven.com\/\" target=\"_blank\" rel=\"nofollow\">Florida After 7<\/a> e <a href=\"http:\/\/2012.lxjs.org\/\" target=\"_blank\" rel=\"nofollow\">LXJS<\/a>.<\/p>\n","protected":false},"excerpt":{"rendered":"<p>A Lisbon Digital Week \u00e9 um agregado de grandes eventos dedicados a tudo o que acontece no mundo digital em Lisboa, em Setembro. Desde confer\u00eancias sobre webdesign e desenvolvimento at\u00e9 eventos de networking e empresariais, esta \u00e9 uma semana para &hellip; <a href=\"https:\/\/lisboa.wordcamp.org\/2012\/sponsor\/lisbon-digital-week\/\">Continuar a ler <span class=\"assistive-text\">Lisbon Digital Week<\/span>  <span class=\"meta-nav\">&rarr;<\/span><\/a><\/p>\n","protected":false},"featured_media":172,"template":"","meta":{"_crdt_document":"","jetpack_post_was_ever_published":false,"_wcpt_sponsor_website":"","footnotes":""},"sponsor_level":[30410],"class_list":["post-171","wcb_sponsor","type-wcb_sponsor","status-publish","has-post-thumbnail","hentry","wcb_sponsor_level-parcerias"],"jetpack_shortlink":"https:\/\/wp.me\/p2mAry-2L","jetpack_sharing_enabled":true,"_links":{"self":[{"href":"https:\/\/lisboa.wordcamp.org\/2012\/wp-json\/wp\/v2\/sponsors\/171","targetHints":{"allow":["GET"]}}],"collection":[{"href":"https:\/\/lisboa.wordcamp.org\/2012\/wp-json\/wp\/v2\/sponsors"}],"about":[{"href":"https:\/\/lisboa.wordcamp.org\/2012\/wp-json\/wp\/v2\/types\/wcb_sponsor"}],"version-history":[{"count":4,"href":"https:\/\/lisboa.wordcamp.org\/2012\/wp-json\/wp\/v2\/sponsors\/171\/revisions"}],"predecessor-version":[{"id":177,"href":"https:\/\/lisboa.wordcamp.org\/2012\/wp-json\/wp\/v2\/sponsors\/171\/revisions\/177"}],"wp:featuredmedia":[{"embeddable":true,"href":"https:\/\/lisboa.wordcamp.org\/2012\/wp-json\/wp\/v2\/media\/172"}],"wp:attachment":[{"href":"https:\/\/lisboa.wordcamp.org\/2012\/wp-json\/wp\/v2\/media?parent=171"}],"wp:term":[{"taxonomy":"wcb_sponsor_level","embeddable":true,"href":"https:\/\/lisboa.wordcamp.org\/2012\/wp-json\/wp\/v2\/sponsor_level?post=171"}],"curies":[{"name":"wp","href":"https:\/\/api.w.org\/{rel}","templated":true}]}}

<div id="attachment_173" style="width: 210px" class="wp-caption alignleft"><a href="http://lisbondigitalweek.com/" target="_blank" rel="nofollow"><img loading="lazy" decoding="async" aria-describedby="caption-attachment-173" class="size-full wp-image-173 " title="Lisbon Digital Week" src="https://2012.lisboa.wordcamp.org/files/2012/07/lisbondigitalweek.png" alt="" width="200" height="200" srcset="https://lisboa.wordcamp.org/2012/files/2012/07/lisbondigitalweek.png 200w, https://lisboa.wordcamp.org/2012/files/2012/07/lisbondigitalweek-150x150.png 150w" sizes="auto, (max-width: 200px) 100vw, 200px" /></a><p id="caption-attachment-173" class="wp-caption-text"><em><a href="http://lisbondigitalweek.com/" target="_blank" rel="nofollow">lisbondigitalweek.com</a></em></p></div>
<p>A <a href="http://lisbondigitalweek.com/" target="_blank" rel="nofollow"><em>Lisbon Digital Week</em></a> é um agregado de grandes eventos dedicados a tudo o que acontece no mundo digital em Lisboa, em Setembro.</p>
<p>Desde conferências sobre <em>webdesign</em> e desenvolvimento até eventos de <em>networking</em> e empresariais, esta é uma semana para celebrar tudo aquilo em que o formato digital pode tornar nossas vidas melhores.</p>
<p>Neste momento fazem parte deste grupo, além do WordCamp Lisboa 2012, os eventos <a href="http://refresh-lx.com/" target="_blank" rel="nofollow">Refresh LX</a>, <a href="http://floridaafterseven.com/" target="_blank" rel="nofollow">Florida After 7</a> e <a href="http://2012.lxjs.org/" target="_blank" rel="nofollow">LXJS</a>.</p>

<p>A Lisbon Digital Week é um agregado de grandes eventos dedicados a tudo o que acontece no mundo digital em Lisboa, em Setembro. Desde conferências sobre webdesign e desenvolvimento até eventos de networking e empresariais, esta é uma semana para &hellip; <a href="https://lisboa.wordcamp.org/2012/sponsor/lisbon-digital-week/">Continuar a ler <span class="assistive-text">Lisbon Digital Week</span>  <span class="meta-nav">&rarr;</span></a></p>
