{"id":1748,"date":"2019-04-24T10:38:07","date_gmt":"2019-04-24T09:38:07","guid":{"rendered":"https:\/\/2019.lisboa.wordcamp.org\/?post_type=wcb_organizer&#038;p=1748"},"modified":"2019-04-26T15:27:12","modified_gmt":"2019-04-26T14:27:12","slug":"alvaro-gois-dos-santos","status":"publish","type":"wcb_organizer","link":"https:\/\/lisboa.wordcamp.org\/2019\/organizer\/alvaro-gois-dos-santos\/","title":{"rendered":"\u00c1lvaro G\u00f3is dos Santos"},"content":{"rendered":"\r\n<div class=\"organizer-team-meta\">Lead<\/div>\r\n<p class=\"wp-block-paragraph\">Formou-se em Psicologia mas desenvolveu actividade profissional na \u00e1rea gr\u00e1fica desde os anos 1980. Dedicou-se \u00e0 edi\u00e7\u00e3o, tradu\u00e7\u00e3o, revis\u00e3o, design e ao WordPress. Em 2005 criou a ovni, editora dedicada a g\u00e9neros menos comuns. Colabora com a <a href=\"https:\/\/empower-up.pt\" rel=\"noopener noreferrer\" target=\"_blank\">Empower<\/a>. \u00c9 apaixonado pela flexibilidade e plasticidade do WordPress, e como estas permitem que utilizadores comuns criem a sua presen\u00e7a online. Faz parte da <a href=\"https:\/\/wp-portugal.com\" rel=\"noopener noreferrer\" target=\"_blank\">Comunidade Portuguesa de WordPress<\/a>, \u00e9 tradutor, Locale Manager e Global Translation Editor do WordPress para Portugal e participa na organiza\u00e7\u00e3o de WordCamps. \u00c9 lead organizer do WordCamp Lisboa 2019.<\/p>\r\n","protected":false},"excerpt":{"rendered":"<p>Formou-se em Psicologia mas desenvolveu actividade profissional na \u00e1rea gr\u00e1fica desde os anos 1980. Dedicou-se \u00e0 edi\u00e7\u00e3o, tradu\u00e7\u00e3o, revis\u00e3o, design e, mais recentemente, ao WordPress. Em 2005 criou a ovni, editora dedicada a g\u00e9neros menos comuns. Actualmente colabora com a Empower (https:\/\/empower-up.pt). Apaixonado pela flexibilidade e plasticidade do WordPress, e como estas permitem que utilizadores comuns criem a sua presen\u00e7a online. Faz parte da Comunidade Portuguesa de WordPress (https:\/\/wp-portugal.com), \u00e9 tradutor, Locale Manager e Global Translation Editor do WordPress para Portugal e participa na organiza\u00e7\u00e3o de WordCamps. \u00c9 lead organiser do WordCamp Lisboa 2019.<\/p>\n","protected":false},"featured_media":0,"template":"","meta":{"_crdt_document":"","jetpack_post_was_ever_published":false,"_wcpt_user_name":"alvarogois","footnotes":""},"organizer_team":[1277741],"class_list":["post-1748","wcb_organizer","type-wcb_organizer","status-publish","hentry","wcb_organizer_team-lead-dispatch-budget","entry"],"jetpack_sharing_enabled":true,"jetpack_shortlink":"https:\/\/wp.me\/pa3kPU-sc","avatar_urls":{"24":"https:\/\/secure.gravatar.com\/avatar\/2794b9a3cf41aa07d8ba0ced0219b77d7e2c9a6aa4d9889b784a4a0125260595?s=24&d=mm&r=g","48":"https:\/\/secure.gravatar.com\/avatar\/2794b9a3cf41aa07d8ba0ced0219b77d7e2c9a6aa4d9889b784a4a0125260595?s=48&d=mm&r=g","96":"https:\/\/secure.gravatar.com\/avatar\/2794b9a3cf41aa07d8ba0ced0219b77d7e2c9a6aa4d9889b784a4a0125260595?s=96&d=mm&r=g","128":"https:\/\/secure.gravatar.com\/avatar\/2794b9a3cf41aa07d8ba0ced0219b77d7e2c9a6aa4d9889b784a4a0125260595?s=128&d=mm&r=g","256":"https:\/\/secure.gravatar.com\/avatar\/2794b9a3cf41aa07d8ba0ced0219b77d7e2c9a6aa4d9889b784a4a0125260595?s=256&d=mm&r=g","512":"https:\/\/secure.gravatar.com\/avatar\/2794b9a3cf41aa07d8ba0ced0219b77d7e2c9a6aa4d9889b784a4a0125260595?s=512&d=mm&r=g"},"_links":{"self":[{"href":"https:\/\/lisboa.wordcamp.org\/2019\/wp-json\/wp\/v2\/organizers\/1748","targetHints":{"allow":["GET"]}}],"collection":[{"href":"https:\/\/lisboa.wordcamp.org\/2019\/wp-json\/wp\/v2\/organizers"}],"about":[{"href":"https:\/\/lisboa.wordcamp.org\/2019\/wp-json\/wp\/v2\/types\/wcb_organizer"}],"version-history":[{"count":7,"href":"https:\/\/lisboa.wordcamp.org\/2019\/wp-json\/wp\/v2\/organizers\/1748\/revisions"}],"predecessor-version":[{"id":1993,"href":"https:\/\/lisboa.wordcamp.org\/2019\/wp-json\/wp\/v2\/organizers\/1748\/revisions\/1993"}],"wp:attachment":[{"href":"https:\/\/lisboa.wordcamp.org\/2019\/wp-json\/wp\/v2\/media?parent=1748"}],"wp:term":[{"taxonomy":"wcb_organizer_team","embeddable":true,"href":"https:\/\/lisboa.wordcamp.org\/2019\/wp-json\/wp\/v2\/organizer_team?post=1748"}],"curies":[{"name":"wp","href":"https:\/\/api.w.org\/{rel}","templated":true}]}}

Álvaro Góis dos Santos

<div class="organizer-team-meta">Lead</div>
<p class="wp-block-paragraph">Formou-se em Psicologia mas desenvolveu actividade profissional na área gráfica desde os anos 1980. Dedicou-se à edição, tradução, revisão, design e ao WordPress. Em 2005 criou a ovni, editora dedicada a géneros menos comuns. Colabora com a <a href="https://empower-up.pt" rel="noopener noreferrer" target="_blank">Empower</a>. É apaixonado pela flexibilidade e plasticidade do WordPress, e como estas permitem que utilizadores comuns criem a sua presença online. Faz parte da <a href="https://wp-portugal.com" rel="noopener noreferrer" target="_blank">Comunidade Portuguesa de WordPress</a>, é tradutor, Locale Manager e Global Translation Editor do WordPress para Portugal e participa na organização de WordCamps. É lead organizer do WordCamp Lisboa 2019.</p>

<p>Formou-se em Psicologia mas desenvolveu actividade profissional na área gráfica desde os anos 1980. Dedicou-se à edição, tradução, revisão, design e, mais recentemente, ao WordPress. Em 2005 criou a ovni, editora dedicada a géneros menos comuns. Actualmente colabora com a Empower (https://empower-up.pt). Apaixonado pela flexibilidade e plasticidade do WordPress, e como estas permitem que utilizadores comuns criem a sua presença online. Faz parte da Comunidade Portuguesa de WordPress (https://wp-portugal.com), é tradutor, Locale Manager e Global Translation Editor do WordPress para Portugal e participa na organização de WordCamps. É lead organiser do WordCamp Lisboa 2019.</p>
