{"id":2579,"date":"2019-05-09T11:11:45","date_gmt":"2019-05-09T10:11:45","guid":{"rendered":"https:\/\/2019.lisboa.wordcamp.org\/?page_id=2579"},"modified":"2019-05-09T23:01:05","modified_gmt":"2019-05-09T22:01:05","slug":"workshop-jovens","status":"publish","type":"page","link":"https:\/\/lisboa.wordcamp.org\/2019\/workshop-jovens\/","title":{"rendered":"Workshop Jovens"},"content":{"rendered":"<p>Os Workshops para crian\u00e7as e adolescentes j\u00e1 n\u00e3o s\u00e3o uma novidade no WordCamp da Comunidade Portuguesa de WordPress.<\/p>\n<p>Este ano voltamos a ter um dia cheio de actividades para os mais novos com uma especial colabora\u00e7\u00e3o com <a href=\"http:\/\/www.coderdojo-lx.pt\/\">Coder Dojo Lisboa<\/a>.<\/p>\n<p>Trata-se de um workshop de <strong>inicia\u00e7\u00e3o ao WordPress (.com)<\/strong> e Introdu\u00e7\u00e3o \u00e0 <strong>Computa\u00e7\u00e3o Criativa<\/strong> para crian\u00e7as e adolescentes, <strong>dos 9 aos 15 anos<\/strong>.<\/p>\n<p>&nbsp;<\/p>\n<h1><b>O que v\u00e3o aprender?<\/b><\/h1>\n<p>Mostrar como<strong> criar um site<\/strong> em wordpress.com, como utilizar e como adicionar conte\u00fado.<\/p>\n<p>Fazer uma introdu\u00e7\u00e3o \u00e0 <strong>Computa\u00e7\u00e3o Criativa<\/strong> atrav\u00e9s do desenvolvimento de um programa simples e divertido fazendo uma ponte\/liga\u00e7\u00e3o com o WordPress.<\/p>\n<h2>Detalhes do workshop<\/h2>\n<figure id=\"attachment_2624\" aria-describedby=\"caption-attachment-2624\" style=\"width: 300px\" class=\"wp-caption alignleft\"><img loading=\"lazy\" decoding=\"async\" class=\"wp-image-2624 size-medium\" src=\"https:\/\/2019.lisboa.wordcamp.org\/files\/2019\/05\/Sense-HAT-plugged-in-1-1383x1080-300x234.jpg\" alt=\"Sense Hat com painel de leds\" width=\"300\" height=\"234\" srcset=\"https:\/\/lisboa.wordcamp.org\/2019\/files\/2019\/05\/Sense-HAT-plugged-in-1-1383x1080-300x234.jpg 300w, https:\/\/lisboa.wordcamp.org\/2019\/files\/2019\/05\/Sense-HAT-plugged-in-1-1383x1080-768x600.jpg 768w, https:\/\/lisboa.wordcamp.org\/2019\/files\/2019\/05\/Sense-HAT-plugged-in-1-1383x1080-1024x800.jpg 1024w, https:\/\/lisboa.wordcamp.org\/2019\/files\/2019\/05\/Sense-HAT-plugged-in-1-1383x1080-384x300.jpg 384w, https:\/\/lisboa.wordcamp.org\/2019\/files\/2019\/05\/Sense-HAT-plugged-in-1-1383x1080.jpg 1383w\" sizes=\"auto, (max-width: 300px) 100vw, 300px\" \/><figcaption id=\"caption-attachment-2624\" class=\"wp-caption-text\">Sense Hat com painel de leds<\/figcaption><\/figure>\n<p>Nesta colabora\u00e7\u00e3o com o <a href=\"http:\/\/www.coderdojo-lx.pt\/\">Coder Dojo Lisboa<\/a>, vais poder aprender a criar um site e gerir o conte\u00fado durante a manh\u00e3.<\/p>\n<p>De seguida, ir\u00e1s aprender a trabalhar com um mini computador com um painel com leds que assinala novos coment\u00e1rios no site que criaste. Ser\u00e1 feito com Raspberry Pi e Sense Hats (que n\u00f3s disponibilizamos para esta sess\u00e3o).<\/p>\n<p>&nbsp;<\/p>\n<h1><b>Para quem?<br \/>\n<\/b><\/h1>\n<p>Jovens dos 9 &#8211; 14 anos<\/p>\n<p>Compra o bilhete <strong>Workshop Jovens<\/strong> na <a href=\"https:\/\/2019.lisboa.wordcamp.org\/bilhetes\/\">p\u00e1gina dos bilhetes<\/a> se est\u00e1s interessado.<\/p>\n<p><strong>\u00c9 obrigat\u00f3ria a presen\u00e7a de um encarregado de educa\u00e7\u00e3o (com bilhete) por crian\u00e7a no evento<\/strong><\/p>\n<p>(Nota: o encarregado de educa\u00e7\u00e3o n\u00e3o tem de participar no workshop para crian\u00e7as e adolescentes, tem \u00e9 de estar no evento).<\/p>\n<h1><b>O que trazer?<\/b><\/h1>\n<ul>\n<li>Computador port\u00e1til com o respectivo carregador &#8211; Garante que o teu port\u00e1til tem entrada de cabo de rede (RJ45).<\/li>\n<li>Bloco de papel e caneta ou l\u00e1pis;<\/li>\n<li>Vontade de aprender;<\/li>\n<li>Alegria;<\/li>\n<\/ul>\n<p>Traz tamb\u00e9m uma tripla, caso seja preciso!<\/p>\n<h3>Importante:<\/h3>\n<p>A <strong>entrada de cabo de rede<\/strong> \u00e9 importante para que possas trabalhar com o Raspberry Pi!<\/p>\n<p>O port\u00e1til deve tamb\u00e9m conseguir-se <strong>ligar \u00e0 rede WiFi.<\/strong><\/p>\n<p>&nbsp;<\/p>\n<h2>Almo\u00e7o<\/h2>\n<p>Se tiveres alguma <strong>restri\u00e7\u00e3o alimentar<\/strong>, h\u00e1 um espa\u00e7o para nos informares sobre isso no formul\u00e1rio de compra do bilhete. E tamb\u00e9m para escolheres o <strong>tamanho da tua t-shirt<\/strong> (temos modelos masculinos, femininos e tamanhos de crian\u00e7a).<\/p>\n<h2>Onde e quando?<\/h2>\n<p>A workshop para os jovens vai ser no mesmo edif\u00edcio das apresenta\u00e7\u00f5es do <a href=\"https:\/\/2019.lisboa.wordcamp.org\/localizacao\/\">WordCamp Lisboa<\/a>, na <strong>sala B102<\/strong>, mesmo ao lado do pequeno audit\u00f3rio da track 2.<\/p>\n<p>Ser\u00e1 durante todo o dia de 18 de Maio, das 9:30 as 18:00, com intervalos de manh\u00e3 e de tarde, e pausa para almo\u00e7o.<\/p>\n","protected":false},"excerpt":{"rendered":"<p>Os Workshops para crian\u00e7as e adolescentes j\u00e1 n\u00e3o s\u00e3o uma novidade no WordCamp da Comunidade Portuguesa de WordPress. Este ano voltamos a ter um dia cheio de actividades para os mais novos com uma especial colabora\u00e7\u00e3o com Coder Dojo Lisboa. Trata-se de um workshop de inicia\u00e7\u00e3o ao WordPress (.com) e Introdu\u00e7\u00e3o \u00e0 Computa\u00e7\u00e3o Criativa para &hellip; <\/p>\n<p class=\"link-more\"><a href=\"https:\/\/lisboa.wordcamp.org\/2019\/workshop-jovens\/\" class=\"more-link\">Continuar a ler <span class=\"screen-reader-text\">&#8220;Workshop Jovens&#8221;<\/span><\/a><\/p>\n","protected":false},"author":14971438,"featured_media":2629,"parent":0,"menu_order":0,"comment_status":"closed","ping_status":"closed","template":"","meta":{"jetpack_post_was_ever_published":false,"footnotes":""},"class_list":["post-2579","page","type-page","status-publish","has-post-thumbnail","hentry","entry"],"jetpack_sharing_enabled":true,"jetpack_shortlink":"https:\/\/wp.me\/Pa3kPU-FB","_links":{"self":[{"href":"https:\/\/lisboa.wordcamp.org\/2019\/wp-json\/wp\/v2\/pages\/2579","targetHints":{"allow":["GET"]}}],"collection":[{"href":"https:\/\/lisboa.wordcamp.org\/2019\/wp-json\/wp\/v2\/pages"}],"about":[{"href":"https:\/\/lisboa.wordcamp.org\/2019\/wp-json\/wp\/v2\/types\/page"}],"author":[{"embeddable":true,"href":"https:\/\/lisboa.wordcamp.org\/2019\/wp-json\/wp\/v2\/users\/14971438"}],"replies":[{"embeddable":true,"href":"https:\/\/lisboa.wordcamp.org\/2019\/wp-json\/wp\/v2\/comments?post=2579"}],"version-history":[{"count":17,"href":"https:\/\/lisboa.wordcamp.org\/2019\/wp-json\/wp\/v2\/pages\/2579\/revisions"}],"predecessor-version":[{"id":2635,"href":"https:\/\/lisboa.wordcamp.org\/2019\/wp-json\/wp\/v2\/pages\/2579\/revisions\/2635"}],"wp:featuredmedia":[{"embeddable":true,"href":"https:\/\/lisboa.wordcamp.org\/2019\/wp-json\/wp\/v2\/media\/2629"}],"wp:attachment":[{"href":"https:\/\/lisboa.wordcamp.org\/2019\/wp-json\/wp\/v2\/media?parent=2579"}],"curies":[{"name":"wp","href":"https:\/\/api.w.org\/{rel}","templated":true}]}}