{"id":832,"date":"2022-11-03T17:52:39","date_gmt":"2022-11-03T17:52:39","guid":{"rendered":"https:\/\/lisboa.wordcamp.org\/2023\/?post_type=wcb_organizer&#038;p=832"},"modified":"2023-05-16T13:08:47","modified_gmt":"2023-05-16T12:08:47","slug":"fernanda-filipe","status":"publish","type":"wcb_organizer","link":"https:\/\/lisboa.wordcamp.org\/2023\/organizer\/fernanda-filipe\/","title":{"rendered":"Fernanda Filipe"},"content":{"rendered":"\n<div class=\"wp-block-group organizer-meta is-layout-flow wp-block-group-is-layout-flow\">\n<ul class=\"wp-block-social-links is-style-logos-only is-content-justification-left is-nowrap is-layout-flex wp-container-core-social-links-is-layout-d36abe1c wp-block-social-links-is-layout-flex\"><li class=\"wp-social-link wp-social-link-wordpress  wp-block-social-link\"><a rel=\"noopener nofollow\" target=\"_blank\" href=\"https:\/\/profiles.wordpress.org\/fernandaff\/\" class=\"wp-block-social-link-anchor\"><svg width=\"24\" height=\"24\" viewBox=\"0 0 24 24\" version=\"1.1\" xmlns=\"http:\/\/www.w3.org\/2000\/svg\" aria-hidden=\"true\" focusable=\"false\"><path d=\"M12.158,12.786L9.46,20.625c0.806,0.237,1.657,0.366,2.54,0.366c1.047,0,2.051-0.181,2.986-0.51 c-0.024-0.038-0.046-0.079-0.065-0.124L12.158,12.786z M3.009,12c0,3.559,2.068,6.634,5.067,8.092L3.788,8.341 C3.289,9.459,3.009,10.696,3.009,12z M18.069,11.546c0-1.112-0.399-1.881-0.741-2.48c-0.456-0.741-0.883-1.368-0.883-2.109 c0-0.826,0.627-1.596,1.51-1.596c0.04,0,0.078,0.005,0.116,0.007C16.472,3.904,14.34,3.009,12,3.009 c-3.141,0-5.904,1.612-7.512,4.052c0.211,0.007,0.41,0.011,0.579,0.011c0.94,0,2.396-0.114,2.396-0.114 C7.947,6.93,8.004,7.642,7.52,7.699c0,0-0.487,0.057-1.029,0.085l3.274,9.739l1.968-5.901l-1.401-3.838 C9.848,7.756,9.389,7.699,9.389,7.699C8.904,7.67,8.961,6.93,9.446,6.958c0,0,1.484,0.114,2.368,0.114 c0.94,0,2.397-0.114,2.397-0.114c0.485-0.028,0.542,0.684,0.057,0.741c0,0-0.488,0.057-1.029,0.085l3.249,9.665l0.897-2.996 C17.841,13.284,18.069,12.316,18.069,11.546z M19.889,7.686c0.039,0.286,0.06,0.593,0.06,0.924c0,0.912-0.171,1.938-0.684,3.22 l-2.746,7.94c2.673-1.558,4.47-4.454,4.47-7.771C20.991,10.436,20.591,8.967,19.889,7.686z M12,22C6.486,22,2,17.514,2,12 C2,6.486,6.486,2,12,2c5.514,0,10,4.486,10,10C22,17.514,17.514,22,12,22z\"><\/path><\/svg><span class=\"wp-block-social-link-label screen-reader-text\">WordPress<\/span><\/a><\/li><\/ul>\n<\/div>\n\n\n\n<div style=\"height:20px\" aria-hidden=\"true\" class=\"wp-block-spacer\"><\/div>\n\n\n\n<div class=\"wp-block-group alignwide is-layout-flow wp-block-group-is-layout-flow\">\n<div class=\"wp-block-columns is-layout-flex wp-container-core-columns-is-layout-f56f613f wp-block-columns-is-layout-flex\">\n<div class=\"wp-block-column is-layout-constrained wp-block-column-is-layout-constrained\">\n<figure class=\"wp-block-image size-full is-resized\"><img loading=\"lazy\" decoding=\"async\" src=\"https:\/\/lisboa.wordcamp.org\/2023\/files\/2023\/01\/badge-lang-pt.png\" alt=\"O texto seguinte est\u00e1 em Portugu\u00eas\" class=\"wp-image-1781\" width=\"125\" height=\"20\" srcset=\"https:\/\/lisboa.wordcamp.org\/2023\/files\/2023\/01\/badge-lang-pt.png 400w, https:\/\/lisboa.wordcamp.org\/2023\/files\/2023\/01\/badge-lang-pt-300x48.png 300w\" sizes=\"auto, (max-width: 125px) 100vw, 125px\" \/><\/figure>\n\n\n\n<h3 class=\"wp-block-heading\">After-party<\/h3>\n\n\n\n<p class=\"wp-block-paragraph\">Ol\u00e1. O meu nome \u00e9 Fernanda Filipe. Nasci no Porto em 1976, e ao longo da minha vida vivi no Minho, no Alentejo e agora estou na Margem Sul. Tenho 4 filhos, dois gatos, e o melhor companheiro mundo.<\/p>\n\n\n\n<p class=\"wp-block-paragraph\">Passei ao lado de uma carreira em medicina ou enfermagem para trabalhar em \u00e1reas ligadas \u00e0 contabilidade ou inform\u00e1tica.<\/p>\n\n\n\n<p class=\"wp-block-paragraph\">Adoro ler, m\u00fasica e viajar.<br>Participo regularmente em projectos Erasmus+ com jovens entre os 15 e os 22 anos em regime de voluntariado.<\/p>\n\n\n\n<p class=\"wp-block-paragraph\">Neste momento estou a complementar uma forma\u00e7\u00e3o em coaching, destinada a jovens e estou a desenvolver parcerias com entidades locais para implementar o projecto &#8220;Coaching for Employability&#8221; destinado a jovens com poucos recursos.<\/p>\n\n\n\n<p class=\"wp-block-paragraph\">Vim parar ao WordCamp por arrasto, pois n\u00e3o percebo muito de programa\u00e7\u00e3o, mas a minha costela para o voluntariado n\u00e3o me permitiu dizer que n\u00e3o a um desafio.<\/p>\n<\/div>\n\n\n\n<div class=\"wp-block-column is-layout-constrained wp-block-column-is-layout-constrained\">\n<figure class=\"wp-block-image size-full is-resized\"><img loading=\"lazy\" decoding=\"async\" src=\"https:\/\/lisboa.wordcamp.org\/2023\/files\/2023\/01\/badge-lang-en.png\" alt=\"The following text is in English\" class=\"wp-image-1784\" width=\"97\" height=\"20\" srcset=\"https:\/\/lisboa.wordcamp.org\/2023\/files\/2023\/01\/badge-lang-en.png 310w, https:\/\/lisboa.wordcamp.org\/2023\/files\/2023\/01\/badge-lang-en-300x62.png 300w\" sizes=\"auto, (max-width: 97px) 100vw, 97px\" \/><\/figure>\n\n\n\n<h3 class=\"wp-block-heading\"><em>After-party<\/em><\/h3>\n\n\n\n<p class=\"wp-block-paragraph\"><em><span lang=\"en\" dir=\"ltr\" class=\"lang-attribute\">Hello, my name is Fernanda Filipe. I was born in Porto in 1976, and throughout my life I have lived in Minho, Alentejo and now I am in the Margem Sul. I have 4 children, two cats, and the best companion in the world.<\/span><\/em><\/p>\n\n\n\n<p class=\"wp-block-paragraph\"><span lang=\"en\" dir=\"ltr\" class=\"lang-attribute\"><em>I have bypassed a career in medicine or nursing to work in areas related to accounting or computer science.<\/em><\/span><\/p>\n\n\n\n<p class=\"wp-block-paragraph\"><em><span lang=\"en\" dir=\"ltr\" class=\"lang-attribute\">I love reading, music, and traveling.<\/span><\/em><br><em><span lang=\"en\" dir=\"ltr\" class=\"lang-attribute\">I regularly participate in Erasmus+ projects with young people between the ages of 15 and 22 on a voluntary basis.<\/span><\/em><\/p>\n\n\n\n<p class=\"wp-block-paragraph\"><em><span lang=\"en\" dir=\"ltr\" class=\"lang-attribute\">At the moment I am completing a coaching training for young people and I am developing partnerships with local entities to implement the &#8220;Coaching for Employability&#8221; project for young people with few resources.<\/span><\/em><\/p>\n\n\n\n<p class=\"wp-block-paragraph\"><em><span lang=\"en\" dir=\"ltr\" class=\"lang-attribute\">I ended up at WordCamp by invitation, as I don&#8217;t know much about programming, but my inclination for volunteering didn&#8217;t allow me to say no to a challenge.<\/span><\/em><\/p>\n<\/div>\n<\/div>\n<\/div>\n\n\n\n<div style=\"height:10px\" aria-hidden=\"true\" class=\"wp-block-spacer\"><\/div>\n\n\n\n<p class=\"small wp-block-paragraph\">\ud83c\udf89 Primeira vez na organiza\u00e7\u00e3o de um WordCamp<\/p>\n","protected":false},"excerpt":{"rendered":"<p>After-party Ol\u00e1. O meu nome \u00e9 Fernanda Filipe. Nasci no Porto em 1976, e ao longo da minha vida vivi no Minho, no Alentejo e agora estou na Margem Sul. Tenho 4 filhos, dois gatos, e o melhor companheiro mundo. Passei ao lado de uma carreira em medicina ou enfermagem para trabalhar em \u00e1reas ligadas [&hellip;]<\/p>\n","protected":false},"featured_media":0,"template":"","meta":{"_crdt_document":"","advanced_seo_description":"","jetpack_seo_html_title":"","jetpack_seo_noindex":false,"jetpack_post_was_ever_published":false,"_wcpt_user_name":"fernandaff","footnotes":""},"organizer_team":[1079870],"class_list":["post-832","wcb_organizer","type-wcb_organizer","status-publish","hentry","wcb_organizer_team-afterparty-e-social-dinner"],"jetpack_sharing_enabled":true,"avatar_urls":{"24":"https:\/\/secure.gravatar.com\/avatar\/d7f40bae8ba09f781cf9453d9e52b3ff320ff6802f01ec9ff3cf95d07563e9d7?s=24&d=mm&r=g","48":"https:\/\/secure.gravatar.com\/avatar\/d7f40bae8ba09f781cf9453d9e52b3ff320ff6802f01ec9ff3cf95d07563e9d7?s=48&d=mm&r=g","96":"https:\/\/secure.gravatar.com\/avatar\/d7f40bae8ba09f781cf9453d9e52b3ff320ff6802f01ec9ff3cf95d07563e9d7?s=96&d=mm&r=g","128":"https:\/\/secure.gravatar.com\/avatar\/d7f40bae8ba09f781cf9453d9e52b3ff320ff6802f01ec9ff3cf95d07563e9d7?s=128&d=mm&r=g","256":"https:\/\/secure.gravatar.com\/avatar\/d7f40bae8ba09f781cf9453d9e52b3ff320ff6802f01ec9ff3cf95d07563e9d7?s=256&d=mm&r=g","512":"https:\/\/secure.gravatar.com\/avatar\/d7f40bae8ba09f781cf9453d9e52b3ff320ff6802f01ec9ff3cf95d07563e9d7?s=512&d=mm&r=g"},"_links":{"self":[{"href":"https:\/\/lisboa.wordcamp.org\/2023\/wp-json\/wp\/v2\/organizers\/832","targetHints":{"allow":["GET"]}}],"collection":[{"href":"https:\/\/lisboa.wordcamp.org\/2023\/wp-json\/wp\/v2\/organizers"}],"about":[{"href":"https:\/\/lisboa.wordcamp.org\/2023\/wp-json\/wp\/v2\/types\/wcb_organizer"}],"version-history":[{"count":4,"href":"https:\/\/lisboa.wordcamp.org\/2023\/wp-json\/wp\/v2\/organizers\/832\/revisions"}],"predecessor-version":[{"id":4853,"href":"https:\/\/lisboa.wordcamp.org\/2023\/wp-json\/wp\/v2\/organizers\/832\/revisions\/4853"}],"wp:attachment":[{"href":"https:\/\/lisboa.wordcamp.org\/2023\/wp-json\/wp\/v2\/media?parent=832"}],"wp:term":[{"taxonomy":"wcb_organizer_team","embeddable":true,"href":"https:\/\/lisboa.wordcamp.org\/2023\/wp-json\/wp\/v2\/organizer_team?post=832"}],"curies":[{"name":"wp","href":"https:\/\/api.w.org\/{rel}","templated":true}]}}

<div class="wp-block-group organizer-meta is-layout-flow wp-block-group-is-layout-flow">
<ul class="wp-block-social-links is-style-logos-only is-content-justification-left is-nowrap is-layout-flex wp-container-core-social-links-is-layout-d36abe1c wp-block-social-links-is-layout-flex"><li class="wp-social-link wp-social-link-wordpress  wp-block-social-link"><a rel="noopener nofollow" target="_blank" href="https://profiles.wordpress.org/fernandaff/" class="wp-block-social-link-anchor"><svg width="24" height="24" viewBox="0 0 24 24" version="1.1" xmlns="http://www.w3.org/2000/svg" aria-hidden="true" focusable="false"><path d="M12.158,12.786L9.46,20.625c0.806,0.237,1.657,0.366,2.54,0.366c1.047,0,2.051-0.181,2.986-0.51 c-0.024-0.038-0.046-0.079-0.065-0.124L12.158,12.786z M3.009,12c0,3.559,2.068,6.634,5.067,8.092L3.788,8.341 C3.289,9.459,3.009,10.696,3.009,12z M18.069,11.546c0-1.112-0.399-1.881-0.741-2.48c-0.456-0.741-0.883-1.368-0.883-2.109 c0-0.826,0.627-1.596,1.51-1.596c0.04,0,0.078,0.005,0.116,0.007C16.472,3.904,14.34,3.009,12,3.009 c-3.141,0-5.904,1.612-7.512,4.052c0.211,0.007,0.41,0.011,0.579,0.011c0.94,0,2.396-0.114,2.396-0.114 C7.947,6.93,8.004,7.642,7.52,7.699c0,0-0.487,0.057-1.029,0.085l3.274,9.739l1.968-5.901l-1.401-3.838 C9.848,7.756,9.389,7.699,9.389,7.699C8.904,7.67,8.961,6.93,9.446,6.958c0,0,1.484,0.114,2.368,0.114 c0.94,0,2.397-0.114,2.397-0.114c0.485-0.028,0.542,0.684,0.057,0.741c0,0-0.488,0.057-1.029,0.085l3.249,9.665l0.897-2.996 C17.841,13.284,18.069,12.316,18.069,11.546z M19.889,7.686c0.039,0.286,0.06,0.593,0.06,0.924c0,0.912-0.171,1.938-0.684,3.22 l-2.746,7.94c2.673-1.558,4.47-4.454,4.47-7.771C20.991,10.436,20.591,8.967,19.889,7.686z M12,22C6.486,22,2,17.514,2,12 C2,6.486,6.486,2,12,2c5.514,0,10,4.486,10,10C22,17.514,17.514,22,12,22z"></path></svg><span class="wp-block-social-link-label screen-reader-text">WordPress</span></a></li></ul>
</div>



<div style="height:20px" aria-hidden="true" class="wp-block-spacer"></div>



<div class="wp-block-group alignwide is-layout-flow wp-block-group-is-layout-flow">
<div class="wp-block-columns is-layout-flex wp-container-core-columns-is-layout-f56f613f wp-block-columns-is-layout-flex">
<div class="wp-block-column is-layout-constrained wp-block-column-is-layout-constrained">
<figure class="wp-block-image size-full is-resized"><img loading="lazy" decoding="async" src="https://lisboa.wordcamp.org/2023/files/2023/01/badge-lang-pt.png" alt="O texto seguinte está em Português" class="wp-image-1781" width="125" height="20" srcset="https://lisboa.wordcamp.org/2023/files/2023/01/badge-lang-pt.png 400w, https://lisboa.wordcamp.org/2023/files/2023/01/badge-lang-pt-300x48.png 300w" sizes="auto, (max-width: 125px) 100vw, 125px" /></figure>



<h3 class="wp-block-heading">After-party</h3>



<p class="wp-block-paragraph">Olá. O meu nome é Fernanda Filipe. Nasci no Porto em 1976, e ao longo da minha vida vivi no Minho, no Alentejo e agora estou na Margem Sul. Tenho 4 filhos, dois gatos, e o melhor companheiro mundo.</p>



<p class="wp-block-paragraph">Passei ao lado de uma carreira em medicina ou enfermagem para trabalhar em áreas ligadas à contabilidade ou informática.</p>



<p class="wp-block-paragraph">Adoro ler, música e viajar.<br>Participo regularmente em projectos Erasmus+ com jovens entre os 15 e os 22 anos em regime de voluntariado.</p>



<p class="wp-block-paragraph">Neste momento estou a complementar uma formação em coaching, destinada a jovens e estou a desenvolver parcerias com entidades locais para implementar o projecto &#8220;Coaching for Employability&#8221; destinado a jovens com poucos recursos.</p>



<p class="wp-block-paragraph">Vim parar ao WordCamp por arrasto, pois não percebo muito de programação, mas a minha costela para o voluntariado não me permitiu dizer que não a um desafio.</p>
</div>



<div class="wp-block-column is-layout-constrained wp-block-column-is-layout-constrained">
<figure class="wp-block-image size-full is-resized"><img loading="lazy" decoding="async" src="https://lisboa.wordcamp.org/2023/files/2023/01/badge-lang-en.png" alt="The following text is in English" class="wp-image-1784" width="97" height="20" srcset="https://lisboa.wordcamp.org/2023/files/2023/01/badge-lang-en.png 310w, https://lisboa.wordcamp.org/2023/files/2023/01/badge-lang-en-300x62.png 300w" sizes="auto, (max-width: 97px) 100vw, 97px" /></figure>



<h3 class="wp-block-heading"><em>After-party</em></h3>



<p class="wp-block-paragraph"><em><span lang="en" dir="ltr" class="lang-attribute">Hello, my name is Fernanda Filipe. I was born in Porto in 1976, and throughout my life I have lived in Minho, Alentejo and now I am in the Margem Sul. I have 4 children, two cats, and the best companion in the world.</span></em></p>



<p class="wp-block-paragraph"><span lang="en" dir="ltr" class="lang-attribute"><em>I have bypassed a career in medicine or nursing to work in areas related to accounting or computer science.</em></span></p>



<p class="wp-block-paragraph"><em><span lang="en" dir="ltr" class="lang-attribute">I love reading, music, and traveling.</span></em><br><em><span lang="en" dir="ltr" class="lang-attribute">I regularly participate in Erasmus+ projects with young people between the ages of 15 and 22 on a voluntary basis.</span></em></p>



<p class="wp-block-paragraph"><em><span lang="en" dir="ltr" class="lang-attribute">At the moment I am completing a coaching training for young people and I am developing partnerships with local entities to implement the &#8220;Coaching for Employability&#8221; project for young people with few resources.</span></em></p>



<p class="wp-block-paragraph"><em><span lang="en" dir="ltr" class="lang-attribute">I ended up at WordCamp by invitation, as I don&#8217;t know much about programming, but my inclination for volunteering didn&#8217;t allow me to say no to a challenge.</span></em></p>
</div>
</div>
</div>



<div style="height:10px" aria-hidden="true" class="wp-block-spacer"></div>



<p class="small wp-block-paragraph">🎉 Primeira vez na organização de um WordCamp</p>

<p>After-party Olá. O meu nome é Fernanda Filipe. Nasci no Porto em 1976, e ao longo da minha vida vivi no Minho, no Alentejo e agora estou na Margem Sul. Tenho 4 filhos, dois gatos, e o melhor companheiro mundo. Passei ao lado de uma carreira em medicina ou enfermagem para trabalhar em áreas ligadas [&hellip;]</p>
