{"id":11,"date":"2024-09-18T06:06:17","date_gmt":"2024-09-18T05:06:17","guid":{"rendered":"https:\/\/lisboa.wordcamp.org\/2025\/location\/"},"modified":"2025-02-07T12:59:09","modified_gmt":"2025-02-07T12:59:09","slug":"location","status":"publish","type":"page","link":"https:\/\/lisboa.wordcamp.org\/2025\/english\/location\/","title":{"rendered":"Location"},"content":{"rendered":"\n<p><span lang=\"en\" dir=\"ltr\" class=\"lang-attribute\">WordCamp Lisboa 2025 will take place on the 16th and 17th of May at the <a href=\"https:\/\/www.iscte-iul.pt\/campus\" target=\"_blank\" rel=\"noreferrer noopener\">ISCTE-IUL<\/a> facilities, in Lisbon.<\/span><\/p>\n\n\n\n<p><span lang=\"en\" dir=\"ltr\" class=\"lang-attribute\"><bdo lang=\"en\" dir=\"ltr\">It is a modern university building, in the centre of Lisbon and has access to various public transport and parking spaces, consisting of several auditoriums, support rooms, large atriums and outdoor spaces, with accessibility for people with reduced mobility.<\/bdo><\/span><\/p>\n\n\n\n<p><strong><span lang=\"en\" dir=\"ltr\" class=\"lang-attribute\">ISCTE-IUL, Building II, Level 1<\/span><br><\/strong>Av. das For\u00e7as Armadas, 1649-026 Lisboa<\/p>\n\n\n\n<p><span lang=\"en\" dir=\"ltr\" class=\"lang-attribute\"><bdo lang=\"en\" dir=\"ltr\"><a href=\"https:\/\/goo.gl\/maps\/T287ZBKeLh2CqwLW9\" target=\"_blank\" rel=\"noreferrer noopener\">Preferential access via Av. Prof. An\u00edbal Bettencourt<\/a> (direct to level 1) but also possible via Av. das For\u00e7as Armadas (level 2).<br>More information on <a href=\"#getthere\">how to get there<\/a> and <a href=\"#stay\">where to stay<\/a>, below.<\/bdo><\/span><\/p>\n\n\n\n<div data-map-provider=\"mapbox\" data-api-key=\"pk.eyJ1Ijoid29yZGNhbXBsaXNib2EiLCJhIjoiY2w0anJrMjFkMHJiczNpcGZxYjd2bGJrOCJ9.ftyFGyYc832qO5weAj1_tw\" class=\"wp-block-jetpack-map is-style-default\" data-map-style=\"default\" data-map-details=\"true\" data-points=\"[{&quot;placeTitle&quot;:&quot;ISCTE-IUL Instituto Universit\u00e1rio de Lisboa&quot;,&quot;title&quot;:&quot;ISCTE-IUL Instituto Universit\u00e1rio de Lisboa&quot;,&quot;caption&quot;:&quot;ISCTE-IUL Instituto Universit\u00e1rio de Lisboa, Av. das For\u00e7as Armadas, Lisbon, Lisbon 1600-060, Portugal&quot;,&quot;id&quot;:&quot;poi.446676608793&quot;,&quot;coordinates&quot;:{&quot;longitude&quot;:-9.154239,&quot;latitude&quot;:38.749031}}]\" data-zoom=\"11\" data-map-center=\"{&quot;lng&quot;:-9.154239,&quot;lat&quot;:38.749031}\" data-marker-color=\"#0073b4\" data-map-height=\"400\" data-show-fullscreen-button=\"true\"><ul><li><a href=\"https:\/\/www.google.com\/maps\/search\/?api=1&amp;query=38.749031,-9.154239\">ISCTE-IUL Instituto Universit\u00e1rio de Lisboa<\/a><\/li><\/ul><\/div>\n\n\n\n<figure class=\"wp-block-gallery has-nested-images columns-default is-cropped wp-block-gallery-1 is-layout-flex wp-block-gallery-is-layout-flex\">\n<figure class=\"wp-block-image size-large\"><a href=\"https:\/\/lisboa.wordcamp.org\/2023\/files\/2023\/01\/fachada-ISCTE-scaled.jpeg\"><img decoding=\"async\" data-id=\"1833\" src=\"https:\/\/lisboa.wordcamp.org\/2023\/files\/2023\/01\/fachada-ISCTE-1024x680.jpeg\" alt=\"Entrada Edif\u00edcio II ISCTE \/ ISCTE Building II entrance\" class=\"wp-image-1833\" \/><\/a><\/figure>\n\n\n\n<figure class=\"wp-block-image size-large\"><a href=\"https:\/\/lisboa.wordcamp.org\/2023\/files\/2023\/01\/4807854783_b101f9a2ae_h.jpeg\"><img decoding=\"async\" data-id=\"1836\" src=\"https:\/\/lisboa.wordcamp.org\/2023\/files\/2023\/01\/4807854783_b101f9a2ae_h-1024x683.jpeg\" alt=\"\u00c1trio do audit\u00f3rio principal \/ Main auditorium atrium\" class=\"wp-image-1836\" \/><\/a><\/figure>\n\n\n\n<figure class=\"wp-block-image size-large\"><a href=\"https:\/\/lisboa.wordcamp.org\/2023\/files\/2023\/01\/51116829397_15f341e536_h.jpeg\"><img decoding=\"async\" data-id=\"1839\" src=\"https:\/\/lisboa.wordcamp.org\/2023\/files\/2023\/01\/51116829397_15f341e536_h-1024x680.jpeg\" alt=\"Acessibilidades para pessoas com mobilidade reduzida \/ Accessibility for people with reduced mobility\" class=\"wp-image-1839\" \/><\/a><\/figure>\n\n\n\n<figure class=\"wp-block-image size-large\"><a href=\"https:\/\/lisboa.wordcamp.org\/2023\/files\/2023\/01\/50036523423_631845cb37_h.jpeg\"><img decoding=\"async\" data-id=\"1835\" src=\"https:\/\/lisboa.wordcamp.org\/2023\/files\/2023\/01\/50036523423_631845cb37_h-1024x680.jpeg\" alt=\"Audit\u00f3rio principal \/ Main auditorium\" class=\"wp-image-1835\" \/><\/a><\/figure>\n\n\n\n<figure class=\"wp-block-image size-large\"><a href=\"https:\/\/lisboa.wordcamp.org\/2023\/files\/2023\/01\/50071715352_f67da36b43_h.jpeg\"><img decoding=\"async\" data-id=\"1837\" src=\"https:\/\/lisboa.wordcamp.org\/2023\/files\/2023\/01\/50071715352_f67da36b43_h-1024x680.jpeg\" alt=\"Audit\u00f3rio principal \/ Main auditorium\" class=\"wp-image-1837\" \/><\/a><\/figure>\n\n\n\n<figure class=\"wp-block-image size-large\"><a href=\"https:\/\/lisboa.wordcamp.org\/2023\/files\/2023\/01\/4926399022_14d29bd4d8_h.jpeg\"><img decoding=\"async\" data-id=\"1838\" src=\"https:\/\/lisboa.wordcamp.org\/2023\/files\/2023\/01\/4926399022_14d29bd4d8_h-1024x680.jpeg\" alt=\"Audit\u00f3rio B103 (track 2) \/ Auditorium B.103 (track 2)\" class=\"wp-image-1838\" \/><\/a><\/figure>\n\n\n\n<figure class=\"wp-block-image size-large\"><a href=\"https:\/\/lisboa.wordcamp.org\/2023\/files\/2023\/01\/52162582639_942ded4deb_h.jpeg\"><img decoding=\"async\" data-id=\"1840\" src=\"https:\/\/lisboa.wordcamp.org\/2023\/files\/2023\/01\/52162582639_942ded4deb_h-1024x680.jpeg\" alt=\"P\u00e1tio exterior (track de bem-estar) \/ Outdoor patio (wellness track) \" class=\"wp-image-1840\" \/><\/a><\/figure>\n\n\n\n<figure class=\"wp-block-image size-large\"><a href=\"https:\/\/lisboa.wordcamp.org\/2023\/files\/2023\/01\/51828713724_9599351db4_h.jpeg\"><img decoding=\"async\" data-id=\"1841\" src=\"https:\/\/lisboa.wordcamp.org\/2023\/files\/2023\/01\/51828713724_9599351db4_h-1024x680.jpeg\" alt=\"P\u00e1tio exterior e esplanada do bar \/ Outdoor patio and bar terrace\" class=\"wp-image-1841\" \/><\/a><\/figure>\n<\/figure>\n\n\n\n<div style=\"height:50px\" aria-hidden=\"true\" class=\"wp-block-spacer\"><\/div>\n\n\n\n<h2 class=\"wp-block-heading\" id=\"getthere\"><span lang=\"en\" dir=\"ltr\" class=\"lang-attribute\">How to get there?<\/span><\/h2>\n\n\n\n<h3 class=\"wp-block-heading\">\u2708\ufe0f <span lang=\"en\" dir=\"ltr\" class=\"lang-attribute\">Plane<\/span><\/h3>\n\n\n\n<ul class=\"wp-block-list\">\n<li><span lang=\"en\" dir=\"ltr\" class=\"lang-attribute\">Lisbon Airport (<a rel=\"noreferrer noopener\" aria-label=\" (opens in a new tab)\" href=\"https:\/\/www.aeroportolisboa.pt\/en\/lis\/home\" target=\"_blank\">LIS<\/a>);<\/span><\/li>\n\n\n\n<li><span lang=\"en\" dir=\"ltr\" class=\"lang-attribute\">It&#8217;s not necessary to take a taxi or Uber because the airport has its own subway station: <strong>Aeroporto<\/strong> (red line);<br><small>(If you still want to take a taxi, the trip to the venue should not cost more than 12\u20ac to 15\u20ac. It is only possible to take taxis at arrivals. Uber and other alternatives can only be picked up at departures, in the Kiss &amp; Fly area.)<\/small><\/span><\/li>\n<\/ul>\n\n\n\n<h3 class=\"wp-block-heading\">\ud83d\ude86 <span lang=\"en\" dir=\"ltr\" class=\"lang-attribute\">Train<\/span><\/h3>\n\n\n\n<ul class=\"wp-block-list\">\n<li><span lang=\"en\" dir=\"ltr\" class=\"lang-attribute\">From the north line:<\/span>\n<ul class=\"wp-block-list\">\n<li><span lang=\"en\" dir=\"ltr\" class=\"lang-attribute\">Get out at <strong>Gare do Oriente<\/strong>;<\/span><\/li>\n\n\n\n<li><span lang=\"en\" dir=\"ltr\" class=\"lang-attribute\">Take any urban train with Sintra or Alc\u00e2ntara-Terra as destination and exit at <strong>Entrecampos<\/strong>;<\/span><\/li>\n\n\n\n<li><span lang=\"en\" dir=\"ltr\" class=\"lang-attribute\">The Oriente train station also has a subway station: <strong>Oriente<\/strong> (red line);<\/span><\/li>\n\n\n\n<li><span lang=\"en\" dir=\"ltr\" class=\"lang-attribute\">Take the pedestrian route as explained below (subway);<\/span><\/li>\n<\/ul>\n<\/li>\n\n\n\n<li><span lang=\"en\" dir=\"ltr\" class=\"lang-attribute\">If you&#8217;re coming from the south (Fertagus train), or your train stops at <strong>Entrecampos<\/strong>:<\/span>\n<ul class=\"wp-block-list\">\n<li><span lang=\"en\" dir=\"ltr\" class=\"lang-attribute\">Get out at Entrecampos and take the pedestrian route as explained below (subway);<\/span><\/li>\n<\/ul>\n<\/li>\n<\/ul>\n\n\n\n<h3 class=\"wp-block-heading\">\ud83d\ude87<span lang=\"en\" dir=\"ltr\" class=\"lang-attribute\"> Subway (we call it &#8220;metro&#8221;)<\/span><\/h3>\n\n\n\n<ul class=\"wp-block-list\">\n<li><span lang=\"en\" dir=\"ltr\" class=\"lang-attribute\">Get out at <strong>Esta\u00e7\u00e3o de Entrecampos<\/strong> (yellow line) at Av. da Rep\u00fablica;<\/span>\n<ul class=\"wp-block-list\">\n<li><span lang=\"en\" dir=\"ltr\" class=\"lang-attribute\"><strong>Attention:<\/strong> the yellow line is interrupted between Campo Grande and Cidade Universit\u00e1ria, therefore it is only possible to reach Entrecampos coming from the direction Rato &#8211; Cidade Universit\u00e1ria;<\/span><\/li>\n<\/ul>\n<\/li>\n\n\n\n<li><span lang=\"en\" dir=\"ltr\" class=\"lang-attribute\">Walk for 200m in direction of Rotunda de Entrecampos;<\/span><\/li>\n\n\n\n<li><span lang=\"en\" dir=\"ltr\" class=\"lang-attribute\">After the roundabout walk for 200m passing the City Hall;<\/span><\/li>\n\n\n\n<li><span lang=\"en\" dir=\"ltr\" class=\"lang-attribute\">Turn left to Av. Prof. An\u00edbal Bettencourt for 200m until you get ISCTE-IUL entrance, at left;<\/span><\/li>\n\n\n\n<li><span lang=\"en\" dir=\"ltr\" class=\"lang-attribute\">See the <a rel=\"noreferrer noopener\" href=\"https:\/\/goo.gl\/maps\/igrWSMzcJKi2up2y6\" target=\"_blank\">pedestrain route here<\/a>;<\/span><\/li>\n<\/ul>\n\n\n\n<figure class=\"wp-block-image aligncenter size-large is-resized\"><a href=\"https:\/\/lisboa.wordcamp.org\/2023\/files\/2023\/05\/metro-lisboa.png\"><img decoding=\"async\" src=\"https:\/\/lisboa.wordcamp.org\/2023\/files\/2023\/05\/metro-lisboa-1024x724.png\" alt=\"\" class=\"wp-image-4136\" style=\"width:768px;height:543px\" \/><\/a><figcaption class=\"wp-element-caption\"><span lang=\"en\" dir=\"ltr\" class=\"lang-attribute\">Lisbon subway diagram &#8211; Click to enlarge<\/span><\/figcaption><\/figure>\n\n\n\n<h3 class=\"wp-block-heading\">\ud83d\ude8c <span lang=\"en\" dir=\"ltr\" class=\"lang-attribute\">Bus<\/span><\/h3>\n\n\n\n<ul class=\"wp-block-list\">\n<li><span lang=\"en\" dir=\"ltr\" class=\"lang-attribute\">Take the 32, 54 or 55 Carris bus;<\/span><\/li>\n\n\n\n<li><span lang=\"en\" dir=\"ltr\" class=\"lang-attribute\">Get out at the bus stop <strong>Faculdade de Farm\u00e1cia<\/strong>, on top of &#8220;Av. das For\u00e7as Armadas&#8221;;<\/span><\/li>\n\n\n\n<li><span lang=\"en\" dir=\"ltr\" class=\"lang-attribute\">Go down the avenue around 150 m. The ISCTE-IUL entrance is located on your left.<\/span><\/li>\n<\/ul>\n\n\n\n<h3 class=\"wp-block-heading\">\ud83d\udef4 <span lang=\"en\" dir=\"ltr\" class=\"lang-attribute\">Scooter or bike<\/span><\/h3>\n\n\n\n<ul class=\"wp-block-list\">\n<li><span lang=\"en\" dir=\"ltr\" class=\"lang-attribute\">Lisbon has a considerable network of light mobility operators, public and private;<\/span><\/li>\n\n\n\n<li><span lang=\"en\" dir=\"ltr\" class=\"lang-attribute\"><bdo lang=\"en\" dir=\"ltr\">If you choose to use one of these solutions, make sure that you end the trip in an authorised parking spot and the vehicle is not left on the way of people and other vehicles;<\/bdo><\/span><\/li>\n\n\n\n<li><span lang=\"en\" dir=\"ltr\" class=\"lang-attribute\"><bdo lang=\"en\" dir=\"ltr\">If you use your own bicycle or scooter, <a href=\"https:\/\/www.metrolisboa.pt\/viajar\/como-utilizar-o-metro\/\" target=\"_blank\" rel=\"noreferrer noopener\">Metro de Lisboa<\/a>, <a href=\"https:\/\/www.cp.pt\/passageiros\/pt\/como-viajar\/informacao-util\/transporte-bicicletas\" target=\"_blank\" rel=\"noreferrer noopener\">CP<\/a> and <a href=\"https:\/\/www.fertagus.pt\/Fertagus-pt\/Viajar\/Transporte-de-Bicicletas\" target=\"_blank\" rel=\"noreferrer noopener\">Fertagus<\/a> authorise the transportation free of charge, but you should check the service conditions in advance;<\/bdo><\/span><\/li>\n<\/ul>\n\n\n\n<h3 class=\"wp-block-heading\">\ud83d\ude99 <span lang=\"en\" dir=\"ltr\" class=\"lang-attribute\">Car, taxi or others (Uber, Bolt, Free Now&#8230;)<\/span><\/h3>\n\n\n\n<ul class=\"wp-block-list\">\n<li><span lang=\"en\" dir=\"ltr\" class=\"lang-attribute\">If you&#8217;re coming from outside Lisbon and are staying in the city, consider not bringing your car to the event and using public transportation, light mobility solutions or maybe even take a walk;<\/span><\/li>\n\n\n\n<li><span lang=\"en\" dir=\"ltr\" class=\"lang-attribute\"><bdo lang=\"en\" dir=\"ltr\">If you still want to come by car in your GPS search for &#8220;Rua Branca Edm\u00e9e Marques&#8221; and when you arrive, park in the public parking spots outside or paid parks available in the area;<\/bdo><\/span><\/li>\n\n\n\n<li><span lang=\"en\" dir=\"ltr\" class=\"lang-attribute\">If you&#8217;re traveling by taxi or other (such as a Uber), ask to be taken to the intersection of &#8220;Rua Branca Edm\u00e9e Marques&#8221; with &#8220;Rua Prof. Ant\u00f3nio Flores&#8221;<\/span><\/li>\n\n\n\n<li><span lang=\"en\" dir=\"ltr\" class=\"lang-attribute\">ISCTE entrance is at the end of the street, on a pedestrian-only path;<\/span><\/li>\n<\/ul>\n\n\n\n<div style=\"height:50px\" aria-hidden=\"true\" class=\"wp-block-spacer\"><\/div>\n\n\n\n<h2 class=\"wp-block-heading\" id=\"stay\"><span lang=\"en\" dir=\"ltr\" class=\"lang-attribute\">Where to stay?<\/span><\/h2>\n\n\n\n<ul class=\"wp-block-list\">\n<li><span lang=\"en\" dir=\"ltr\" class=\"lang-attribute\">ISCTE is located in an area with a wide range of hotels and short-term apartment rentals;<\/span><\/li>\n\n\n\n<li><span lang=\"en\" dir=\"ltr\" class=\"lang-attribute\">We advise you to book accomodation in advance, as May is a tourism high season in Lisbon and availability and prices may play a trick on you;<\/span><\/li>\n\n\n\n<li><span lang=\"en\" dir=\"ltr\" class=\"lang-attribute\">Some hotels within walking distance of ISCTE:<\/span>\n<ul class=\"wp-block-list\">\n<li><span lang=\"en\" dir=\"ltr\" class=\"lang-attribute\"><a rel=\"noreferrer noopener\" href=\"https:\/\/www.vipentrecamposhotel.com\/\" target=\"_blank\">VIP Executive Entrecampos Hotel &amp; Conference<\/a> ****<\/span><\/li>\n\n\n\n<li><span lang=\"en\" dir=\"ltr\" class=\"lang-attribute\"><a rel=\"noreferrer noopener\" href=\"https:\/\/www.nh-hoteles.pt\/hotel\/nh-lisboa-campo-grande\" target=\"_blank\">Hotel NH Lisboa Campo Grande<\/a> ****<\/span><\/li>\n\n\n\n<li><span lang=\"en\" dir=\"ltr\" class=\"lang-attribute\"><a rel=\"noreferrer noopener\" href=\"https:\/\/www.hotel3keuropa.pt\/pt\/\" target=\"_blank\">Hotel 3K Europa<\/a> ****<\/span><\/li>\n\n\n\n<li><span lang=\"en\" dir=\"ltr\" class=\"lang-attribute\"><a href=\"https:\/\/www.viphotels.com\/en\/Menu\/Hotels\/Portugal\/Vip-Inn-Berna\/About-Hotel.aspx\" target=\"_blank\" rel=\"noreferrer noopener\">VIP Inn Berna Hotel<\/a> ***<\/span><\/li>\n\n\n\n<li><span lang=\"en\" dir=\"ltr\" class=\"lang-attribute\"><a rel=\"noreferrer noopener\" href=\"https:\/\/www.viphotels.com\/pt\/Menu\/Hoteis\/Portugal\/Vip-Executive-Zurique\/Sobre-Hotel.aspx\" target=\"_blank\">VIP Executive Zurique Hotel<\/a> ***<\/span><\/li>\n\n\n\n<li><span lang=\"en\" dir=\"ltr\" class=\"lang-attribute\"><a rel=\"noreferrer noopener\" href=\"https:\/\/www.vipgrandlisboahotel.com\/\" target=\"_blank\">VIP Grand Lisboa Hotel &amp; Spa<\/a> *****<\/span><\/li>\n\n\n\n<li><span lang=\"en\" dir=\"ltr\" class=\"lang-attribute\"><a rel=\"noreferrer noopener\" href=\"https:\/\/www.sanahotels.com\/pt\/hotel\/sana-metropolitan\/\" target=\"_blank\">Sana Metropolitan Hotel<\/a> ****<\/span><\/li>\n\n\n\n<li><span lang=\"en\" dir=\"ltr\" class=\"lang-attribute\"><a rel=\"noreferrer noopener\" href=\"https:\/\/www.ihg.com\/holidayinn\/hotels\/gb\/en\/lisbon\/lisbn\/hoteldetail\" target=\"_blank\">Holiday Inn Lisbon &#8211; Continental<\/a> ****<\/span><\/li>\n<\/ul>\n<\/li>\n\n\n\n<li><span lang=\"en\" dir=\"ltr\" class=\"lang-attribute\">Some guesthouses or hostels within walking distance or a few subway stations from ISCTE:<\/span>\n<ul class=\"wp-block-list\">\n<li><a rel=\"noreferrer noopener\" href=\"https:\/\/www.google.com\/travel\/hotels\/Campo%20Grande%2C%20Lisboa\/entity\/ChkIhrbLkaSZ6-sZGg0vZy8xMWYzNnoxdHFkEAE\" target=\"_blank\"><span lang=\"en\" dir=\"ltr\" class=\"lang-attribute\">4U Lisbon IV Guesthouse<\/span><\/a><\/li>\n\n\n\n<li><a rel=\"noreferrer noopener\" href=\"https:\/\/www.google.com\/travel\/hotels\/Campo%20Grande%2C%20Lisboa\/entity\/ChkI9cyc2uvkpvY9Gg0vZy8xMWdfcXluaF9oEAE\" target=\"_blank\"><span lang=\"en\" dir=\"ltr\" class=\"lang-attribute\">NLC Rooms &amp; Suites<\/span><\/a><\/li>\n\n\n\n<li><a rel=\"noreferrer noopener\" href=\"https:\/\/www.google.com\/travel\/hotels\/Campo%20Grande%2C%20Lisboa\/entity\/ChoI6IyewfDBl6PjARoNL2cvMTFnOXFzdnhqbBAB\" target=\"_blank\"><span lang=\"en\" dir=\"ltr\" class=\"lang-attribute\">Live Lisboa Hostel<\/span><\/a><\/li>\n\n\n\n<li><a rel=\"noreferrer noopener\" href=\"https:\/\/www.google.com\/travel\/hotels\/Campo%20Grande%2C%20Lisboa\/entity\/ChoI9YLqpo7_-u_qARoNL2cvMTFidnZfNGN3bhAB\" target=\"_blank\"><span lang=\"en\" dir=\"ltr\" class=\"lang-attribute\">Avenue Rooms &amp; Suites<\/span><\/a><\/li>\n\n\n\n<li><a rel=\"noreferrer noopener\" href=\"https:\/\/www.google.com\/travel\/hotels\/Campo%20Grande%2C%20Lisboa\/entity\/ChkI2om_7__w8PO9ARoML2cvMWhjNDNyN3MyEAE\" target=\"_blank\"><span lang=\"en\" dir=\"ltr\" class=\"lang-attribute\">Urban Garden Hostel<\/span><\/a><\/li>\n<\/ul>\n<\/li>\n<\/ul>\n","protected":false},"excerpt":{"rendered":"<p>WordCamp Lisboa 2025 will take place on the 16th and 17th of May at the ISCTE-IUL facilities, in Lisbon. It is a modern university building, in the centre of Lisbon and has access to various public transport and parking spaces, consisting of several auditoriums, support rooms, large atriums and outdoor spaces, with accessibility for people [&hellip;]<\/p>\n","protected":false},"author":13907258,"featured_media":518,"parent":525,"menu_order":0,"comment_status":"closed","ping_status":"closed","template":"","meta":{"jetpack_post_was_ever_published":false,"footnotes":""},"class_list":["post-11","page","type-page","status-publish","has-post-thumbnail","hentry"],"jetpack_sharing_enabled":true,"_links":{"self":[{"href":"https:\/\/lisboa.wordcamp.org\/2025\/wp-json\/wp\/v2\/pages\/11","targetHints":{"allow":["GET"]}}],"collection":[{"href":"https:\/\/lisboa.wordcamp.org\/2025\/wp-json\/wp\/v2\/pages"}],"about":[{"href":"https:\/\/lisboa.wordcamp.org\/2025\/wp-json\/wp\/v2\/types\/page"}],"author":[{"embeddable":true,"href":"https:\/\/lisboa.wordcamp.org\/2025\/wp-json\/wp\/v2\/users\/13907258"}],"replies":[{"embeddable":true,"href":"https:\/\/lisboa.wordcamp.org\/2025\/wp-json\/wp\/v2\/comments?post=11"}],"version-history":[{"count":6,"href":"https:\/\/lisboa.wordcamp.org\/2025\/wp-json\/wp\/v2\/pages\/11\/revisions"}],"predecessor-version":[{"id":1271,"href":"https:\/\/lisboa.wordcamp.org\/2025\/wp-json\/wp\/v2\/pages\/11\/revisions\/1271"}],"up":[{"embeddable":true,"href":"https:\/\/lisboa.wordcamp.org\/2025\/wp-json\/wp\/v2\/pages\/525"}],"wp:featuredmedia":[{"embeddable":true,"href":"https:\/\/lisboa.wordcamp.org\/2025\/wp-json\/wp\/v2\/media\/518"}],"wp:attachment":[{"href":"https:\/\/lisboa.wordcamp.org\/2025\/wp-json\/wp\/v2\/media?parent=11"}],"curies":[{"name":"wp","href":"https:\/\/api.w.org\/{rel}","templated":true}]}}