{"id":436,"date":"2024-12-04T18:35:19","date_gmt":"2024-12-04T18:35:19","guid":{"rendered":"https:\/\/lisboa.wordcamp.org\/2025\/?page_id=436"},"modified":"2025-02-07T12:59:02","modified_gmt":"2025-02-07T12:59:02","slug":"localizacao","status":"publish","type":"page","link":"https:\/\/lisboa.wordcamp.org\/2025\/localizacao\/","title":{"rendered":"Localiza\u00e7\u00e3o"},"content":{"rendered":"\n<p>O WordCamp Lisboa 2025 realiza-se a 16 e 17 de Maio nas instala\u00e7\u00f5es do <a href=\"https:\/\/www.iscte-iul.pt\/campus\" target=\"_blank\" rel=\"noreferrer noopener\">ISCTE-IUL<\/a>, em Lisboa.<\/p>\n\n\n\n<p class=\"has-small-font-size\">[<a href=\"https:\/\/lisboa.wordcamp.org\/2025\/english\/location\/\">English Version<\/a>]<\/p>\n\n\n\n<p>\u00c9 um edif\u00edcio universit\u00e1rio moderno, no centro de Lisboa e acesso a v\u00e1rios transportes p\u00fablicos e espa\u00e7os de estacionamento, sendo constitu\u00eddo por v\u00e1rios audit\u00f3rios, salas de apoio, amplos \u00e1trios e espa\u00e7os exteriores, contando com acessibilidades para pessoas com mobilidade reduzida.<\/p>\n\n\n\n<p><strong>ISCTE-IUL, Edif\u00edcio II, Piso 1<br><\/strong>Av. das For\u00e7as Armadas, 1649-026 Lisboa<\/p>\n\n\n\n<p>Acesso preferencial pela <a rel=\"noreferrer noopener\" href=\"https:\/\/goo.gl\/maps\/T287ZBKeLh2CqwLW9\" target=\"_blank\">Av. Prof. An\u00edbal Bettencourt<\/a> (directo ao piso 1) mas tamb\u00e9m poss\u00edvel pela Av. das For\u00e7as Armadas (piso 2).<br>Mais informa\u00e7\u00f5es de <a href=\"#chegar\" data-type=\"internal\" data-id=\"#chegar\">como chegar<\/a> e <a href=\"#ficar\">onde ficar<\/a> em baixo.<\/p>\n\n\n\n<div data-map-provider=\"mapbox\" data-api-key=\"pk.eyJ1Ijoid29yZGNhbXBsaXNib2EiLCJhIjoiY2w0anJrMjFkMHJiczNpcGZxYjd2bGJrOCJ9.ftyFGyYc832qO5weAj1_tw\" class=\"wp-block-jetpack-map is-style-default\" data-map-style=\"default\" data-map-details=\"true\" data-points=\"[{&quot;placeTitle&quot;:&quot;ISCTE-IUL Instituto Universit\u00e1rio de Lisboa&quot;,&quot;title&quot;:&quot;ISCTE-IUL Instituto Universit\u00e1rio de Lisboa&quot;,&quot;caption&quot;:&quot;ISCTE-IUL Instituto Universit\u00e1rio de Lisboa, Av. das For\u00e7as Armadas, Lisbon, Lisbon 1600-060, Portugal&quot;,&quot;id&quot;:&quot;poi.446676608793&quot;,&quot;coordinates&quot;:{&quot;longitude&quot;:-9.154239,&quot;latitude&quot;:38.749031}}]\" data-zoom=\"11\" data-map-center=\"{&quot;lng&quot;:-9.154239,&quot;lat&quot;:38.749031}\" data-marker-color=\"#0073b4\" data-map-height=\"400\" data-show-fullscreen-button=\"true\"><ul><li><a href=\"https:\/\/www.google.com\/maps\/search\/?api=1&amp;query=38.749031,-9.154239\">ISCTE-IUL Instituto Universit\u00e1rio de Lisboa<\/a><\/li><\/ul><\/div>\n\n\n\n<figure class=\"wp-block-gallery has-nested-images columns-default is-cropped wp-block-gallery-1 is-layout-flex wp-block-gallery-is-layout-flex\">\n<figure class=\"wp-block-image size-large\"><a href=\"https:\/\/lisboa.wordcamp.org\/2023\/files\/2023\/01\/fachada-ISCTE-scaled.jpeg\"><img decoding=\"async\" data-id=\"1833\" src=\"https:\/\/lisboa.wordcamp.org\/2023\/files\/2023\/01\/fachada-ISCTE-1024x680.jpeg\" alt=\"Entrada Edif\u00edcio II ISCTE \/ ISCTE Building II entrance\" class=\"wp-image-1833\" \/><\/a><\/figure>\n\n\n\n<figure class=\"wp-block-image size-large\"><a href=\"https:\/\/lisboa.wordcamp.org\/2023\/files\/2023\/01\/4807854783_b101f9a2ae_h.jpeg\"><img decoding=\"async\" data-id=\"1836\" src=\"https:\/\/lisboa.wordcamp.org\/2023\/files\/2023\/01\/4807854783_b101f9a2ae_h-1024x683.jpeg\" alt=\"\u00c1trio do audit\u00f3rio principal \/ Main auditorium atrium\" class=\"wp-image-1836\" \/><\/a><\/figure>\n\n\n\n<figure class=\"wp-block-image size-large\"><a href=\"https:\/\/lisboa.wordcamp.org\/2023\/files\/2023\/01\/51116829397_15f341e536_h.jpeg\"><img decoding=\"async\" data-id=\"1839\" src=\"https:\/\/lisboa.wordcamp.org\/2023\/files\/2023\/01\/51116829397_15f341e536_h-1024x680.jpeg\" alt=\"Acessibilidades para pessoas com mobilidade reduzida \/ Accessibility for people with reduced mobility\" class=\"wp-image-1839\" \/><\/a><\/figure>\n\n\n\n<figure class=\"wp-block-image size-large\"><a href=\"https:\/\/lisboa.wordcamp.org\/2023\/files\/2023\/01\/50036523423_631845cb37_h.jpeg\"><img decoding=\"async\" data-id=\"1835\" src=\"https:\/\/lisboa.wordcamp.org\/2023\/files\/2023\/01\/50036523423_631845cb37_h-1024x680.jpeg\" alt=\"Audit\u00f3rio principal \/ Main auditorium\" class=\"wp-image-1835\" \/><\/a><\/figure>\n\n\n\n<figure class=\"wp-block-image size-large\"><a href=\"https:\/\/lisboa.wordcamp.org\/2023\/files\/2023\/01\/50071715352_f67da36b43_h.jpeg\"><img decoding=\"async\" data-id=\"1837\" src=\"https:\/\/lisboa.wordcamp.org\/2023\/files\/2023\/01\/50071715352_f67da36b43_h-1024x680.jpeg\" alt=\"Audit\u00f3rio principal \/ Main auditorium\" class=\"wp-image-1837\" \/><\/a><\/figure>\n\n\n\n<figure class=\"wp-block-image size-large\"><a href=\"https:\/\/lisboa.wordcamp.org\/2023\/files\/2023\/01\/4926399022_14d29bd4d8_h.jpeg\"><img decoding=\"async\" data-id=\"1838\" src=\"https:\/\/lisboa.wordcamp.org\/2023\/files\/2023\/01\/4926399022_14d29bd4d8_h-1024x680.jpeg\" alt=\"Audit\u00f3rio B103 (track 2) \/ Auditorium B.103 (track 2)\" class=\"wp-image-1838\" \/><\/a><\/figure>\n\n\n\n<figure class=\"wp-block-image size-large\"><a href=\"https:\/\/lisboa.wordcamp.org\/2023\/files\/2023\/01\/52162582639_942ded4deb_h.jpeg\"><img decoding=\"async\" data-id=\"1840\" src=\"https:\/\/lisboa.wordcamp.org\/2023\/files\/2023\/01\/52162582639_942ded4deb_h-1024x680.jpeg\" alt=\"P\u00e1tio exterior (track de bem-estar) \/ Outdoor patio (wellness track) \" class=\"wp-image-1840\" \/><\/a><\/figure>\n\n\n\n<figure class=\"wp-block-image size-large\"><a href=\"https:\/\/lisboa.wordcamp.org\/2023\/files\/2023\/01\/51828713724_9599351db4_h.jpeg\"><img decoding=\"async\" data-id=\"1841\" src=\"https:\/\/lisboa.wordcamp.org\/2023\/files\/2023\/01\/51828713724_9599351db4_h-1024x680.jpeg\" alt=\"P\u00e1tio exterior e esplanada do bar \/ Outdoor patio and bar terrace\" class=\"wp-image-1841\" \/><\/a><\/figure>\n<\/figure>\n\n\n\n<div style=\"height:50px\" aria-hidden=\"true\" class=\"wp-block-spacer\"><\/div>\n\n\n\n<h2 class=\"wp-block-heading\" id=\"chegar\">Como chegar?<\/h2>\n\n\n\n<h3 class=\"wp-block-heading\">\u2708\ufe0f Avi\u00e3o<\/h3>\n\n\n\n<ul class=\"wp-block-list\">\n<li>Aeroporto de Lisboa (<a rel=\"noreferrer noopener\" aria-label=\"LIS (opens in a new tab)\" href=\"https:\/\/www.aeroportolisboa.pt\/pt\/lis\/home\" target=\"_blank\">LIS<\/a>);<\/li>\n\n\n\n<li>N\u00e3o \u00e9 necess\u00e1rio apanhar t\u00e1xi ou Uber, porque o aeroporto est\u00e1 servido por uma esta\u00e7\u00e3o de metro: <strong>Aeroporto<\/strong> (linha vermelha);<br><small>(Se ainda assim quiseres apanhar um t\u00e1xi, a viagem at\u00e9 ao ISCTE n\u00e3o dever\u00e1 custar mais de 12 a 15\u20ac. S\u00f3 \u00e9 poss\u00edvel apanhar t\u00e1xis nas chegadas. Uber ou outros TVDE s\u00f3 podem ser apanhados nas partidas, na zona de Kiss &amp; Fly.)<\/small><\/li>\n<\/ul>\n\n\n\n<h3 class=\"wp-block-heading\">\ud83d\ude86 Comboio<\/h3>\n\n\n\n<ul class=\"wp-block-list\">\n<li>Se vens da linha do norte:\n\n\n\n\n\n\n\n\n\n\n\n\n\n\n\n\n\n\n\n\n\n\n\n\n\n\n\n\n\n\n\n\n\n\n\n\n<ul class=\"wp-block-list\">\n<li>Sair na <strong>Gare do Oriente<\/strong>;<\/li>\n\n\n\n<li>Apanhar qualquer comboio urbano com destino a Sintra ou Alc\u00e2ntara-Terra e sair na <strong>Esta\u00e7\u00e3o de Entrecampos<\/strong>;<\/li>\n\n\n\n<li>A esta\u00e7\u00e3o tamb\u00e9m est\u00e1 servida por metro: <strong>Oriente<\/strong> (linha vermelha) que pode ser usado em alternativa ao comboio;<\/li>\n<\/ul>\n\n\n\n<ul class=\"wp-block-list\">\n<li>Fazer o trajecto pedonal como nas instru\u00e7\u00f5es em baixo (metro);<\/li>\n<\/ul>\n<\/li>\n\n\n\n<li>Se vens do sul (Fertagus), ou o comboio p\u00e1ra na <strong>Esta\u00e7\u00e3o de Entrecampos<\/strong>:\n<ul class=\"wp-block-list\">\n<li>Sair na esta\u00e7\u00e3o de Entrecampos e fazer o trajecto pedonal como nas instru\u00e7\u00f5es em baixo (metro);<\/li>\n<\/ul>\n<\/li>\n<\/ul>\n\n\n\n<h3 class=\"wp-block-heading\">\ud83d\ude87 Metro<\/h3>\n\n\n\n<ul class=\"wp-block-list\">\n<li>Sair na <strong>Esta\u00e7\u00e3o de Entrecampos<\/strong> (linha amarela) na Av. da Rep\u00fablica;\n<ul class=\"wp-block-list\">\n<li><strong>Aten\u00e7\u00e3o:<\/strong> a linha amarela est\u00e1 interrompida entre o Campo Grande e a Cidade Universit\u00e1ria, s\u00f3 sendo portanto poss\u00edvel chegar a Entrecampos vindo do sentido Rato &#8211; Cidade Universit\u00e1ria;<\/li>\n<\/ul>\n<\/li>\n\n\n\n<li>Caminhar cerca de 200m em dire\u00e7\u00e3o \u00e0 Rotunda de Entrecampos;<\/li>\n\n\n\n<li>Passar a rotunda e avan\u00e7ar mais 200m passando a C\u00e2mara de Lisboa;<\/li>\n\n\n\n<li>Virar \u00e0 esquerda na Av. Prof. An\u00edbal Betterncourt e passados 200m encontra a entrada para o ISCTE-IUL \u00e0 sua esquerda;<\/li>\n\n\n\n<li>Ver <a rel=\"noreferrer noopener\" href=\"https:\/\/goo.gl\/maps\/igrWSMzcJKi2up2y6\" target=\"_blank\">aqui o trajecto pedonal<\/a>;<\/li>\n<\/ul>\n\n\n\n<figure class=\"wp-block-image aligncenter size-large is-resized\"><a href=\"https:\/\/lisboa.wordcamp.org\/2023\/files\/2023\/05\/metro-lisboa.png\"><img decoding=\"async\" src=\"https:\/\/lisboa.wordcamp.org\/2023\/files\/2023\/05\/metro-lisboa-1024x724.png\" alt=\"\" class=\"wp-image-4136\" style=\"width:768px;height:543px\" \/><\/a><figcaption class=\"wp-element-caption\">Diagrama do Metropolitano de Lisboa &#8211; Clicar para aumentar<\/figcaption><\/figure>\n\n\n\n<h3 class=\"wp-block-heading\">\ud83d\ude8c Autocarro<\/h3>\n\n\n\n<ul class=\"wp-block-list\">\n<li>Apanhar os autocarros n\u00famero 32, 54 ou 55 da Carris;<\/li>\n\n\n\n<li>Sair na paragem <strong>Faculdade de Farm\u00e1cia<\/strong>, ao cima da Av. das For\u00e7as Armadas;<\/li>\n\n\n\n<li>Descer a avenida; a entrada para o ISCTE-IUL est\u00e1 localizada a cerca de 150m \u00e0 esquerda;<\/li>\n<\/ul>\n\n\n\n<h3 class=\"wp-block-heading\">\ud83d\udef4 Trotineta ou bicicleta<\/h3>\n\n\n\n<ul class=\"wp-block-list\">\n<li>Lisboa tem uma rede bastante consider\u00e1vel de operadores, p\u00fablicos e privados, de solu\u00e7\u00f5es de mobilidade leve;<\/li>\n\n\n\n<li>Se optares por utilizar uma destas solu\u00e7\u00f5es, certifica-te que terminas a viagem numa zona de estacionametno autorizado e que n\u00e3o deixas o ve\u00edculo a estorvar a mobilidade de pessoas e outros ve\u00edculos;<\/li>\n\n\n\n<li>Se pretendes usar a tua pr\u00f3pria bicicleta ou trotineta, o <a rel=\"noreferrer noopener\" href=\"https:\/\/www.metrolisboa.pt\/viajar\/como-utilizar-o-metro\/\" target=\"_blank\">Metro de Lisboa<\/a>, a <a rel=\"noreferrer noopener\" href=\"https:\/\/www.cp.pt\/passageiros\/pt\/como-viajar\/informacao-util\/transporte-bicicletas\" target=\"_blank\">CP<\/a> e a <a rel=\"noreferrer noopener\" href=\"https:\/\/www.fertagus.pt\/Fertagus-pt\/Viajar\/Transporte-de-Bicicletas\" target=\"_blank\">Fertagus<\/a> autorizam o transporte da mesma nas suas carruagens de forma gratuita, mas \u00e9 importante consultares as condi\u00e7\u00f5es previamente;<\/li>\n<\/ul>\n\n\n\n<h3 class=\"wp-block-heading\">\ud83d\ude99 Carro, t\u00e1xi ou TVDE (Uber, Bolt, Free Now&#8230;)<\/h3>\n\n\n\n<ul class=\"wp-block-list\">\n<li>Se vens de fora de Lisboa e ficas alojado na cidade, considera n\u00e3o trazeres o carro para o evento e usares os transportes p\u00fablicos, solu\u00e7\u00f5es de mobilidade leve ou quem sabe aproveitar para fazer uma caminhada;<\/li>\n\n\n\n<li>Se ainda assim queres vir de carro, no teu GPS pesquisa por &#8220;Rua Branca Edm\u00e9e Marques&#8221; e quando chegares estaciona nos lugares p\u00fablicos ou parques pagos dispon\u00edveis na zona;<\/li>\n\n\n\n<li>Se vens de t\u00e1xi ou TVDE, pede para te levarem para o cruzamento da &#8220;Rua Branca Edm\u00e9e Marques&#8221; com a &#8220;Rua Prof. Ant\u00f3nio Flores&#8221;;<\/li>\n\n\n\n<li>A entrada do ISCTE fica ao fundo da rua, num caminho de acesso apenas pedonal;<\/li>\n<\/ul>\n\n\n\n<div style=\"height:50px\" aria-hidden=\"true\" class=\"wp-block-spacer\"><\/div>\n\n\n\n<h2 class=\"wp-block-heading\" id=\"ficar\">Onde ficar?<\/h2>\n\n\n\n<ul class=\"wp-block-list\">\n<li>O ISCTE est\u00e1 localizado numa zona com grande oferta hoteleira e de aluguer de apartamentos de curta dura\u00e7\u00e3o;<\/li>\n\n\n\n<li>Aconselhamos a reserva de alojamento com bastante anteced\u00eancia, por Maio \u00e9 \u00e9poca alta de turismo em Lisboa e a disponibilidade e pre\u00e7os podem pregar-te uma partida;<\/li>\n\n\n\n<li>Alguns hot\u00e9is a dist\u00e2ncia pedonal do ISCTE:\n<ul class=\"wp-block-list\">\n<li><a href=\"https:\/\/www.vipentrecamposhotel.com\/\" target=\"_blank\" rel=\"noreferrer noopener\">VIP Executive Entrecampos Hotel &amp; Conference<\/a> ****<\/li>\n\n\n\n<li><a href=\"https:\/\/www.nh-hoteles.pt\/hotel\/nh-lisboa-campo-grande\" target=\"_blank\" rel=\"noreferrer noopener\">Hotel NH Lisboa Campo Grande<\/a> ****<\/li>\n\n\n\n<li><a href=\"https:\/\/www.hotel3keuropa.pt\/pt\/\" target=\"_blank\" rel=\"noreferrer noopener\">Hotel 3K Europa<\/a> ****<\/li>\n\n\n\n<li><a href=\"https:\/\/www.viphotels.com\/en\/Menu\/Hotels\/Portugal\/Vip-Inn-Berna\/About-Hotel.aspx\" target=\"_blank\" rel=\"noreferrer noopener\">VIP Inn Berna Hotel <\/a>***<\/li>\n\n\n\n<li><a href=\"https:\/\/www.viphotels.com\/pt\/Menu\/Hoteis\/Portugal\/Vip-Executive-Zurique\/Sobre-Hotel.aspx\" target=\"_blank\" rel=\"noreferrer noopener\">VIP Executive Zurique Hotel<\/a> ***<\/li>\n\n\n\n<li><a href=\"https:\/\/www.vipgrandlisboahotel.com\/\" target=\"_blank\" rel=\"noreferrer noopener\">VIP Grand Lisboa Hotel &amp; Spa<\/a> *****<\/li>\n\n\n\n<li><a rel=\"noreferrer noopener\" href=\"https:\/\/www.sanahotels.com\/pt\/hotel\/sana-metropolitan\/\" target=\"_blank\">Sana Metropolitan Hotel<\/a> ****<\/li>\n\n\n\n<li><a href=\"https:\/\/www.ihg.com\/holidayinn\/hotels\/gb\/en\/lisbon\/lisbn\/hoteldetail\" target=\"_blank\" rel=\"noreferrer noopener\">Holiday Inn Lisbon &#8211; Continental<\/a> ****<\/li>\n<\/ul>\n<\/li>\n\n\n\n<li>Algumas pens\u00f5es, hostels ou guesthouses a dist\u00e2ncia pedonal ou poucas esta\u00e7\u00f5es de metro do ISCTE:\n<ul class=\"wp-block-list\">\n<li><a href=\"https:\/\/www.google.com\/travel\/hotels\/Campo%20Grande%2C%20Lisboa\/entity\/ChkIhrbLkaSZ6-sZGg0vZy8xMWYzNnoxdHFkEAE\" target=\"_blank\" rel=\"noreferrer noopener\">4U Lisbon IV Guesthouse<\/a><\/li>\n\n\n\n<li><a href=\"https:\/\/www.google.com\/travel\/hotels\/Campo%20Grande%2C%20Lisboa\/entity\/ChkI9cyc2uvkpvY9Gg0vZy8xMWdfcXluaF9oEAE\" target=\"_blank\" rel=\"noreferrer noopener\">NLC Rooms &amp; Suites<\/a><\/li>\n\n\n\n<li><a href=\"https:\/\/www.google.com\/travel\/hotels\/Campo%20Grande%2C%20Lisboa\/entity\/ChoI6IyewfDBl6PjARoNL2cvMTFnOXFzdnhqbBAB\" target=\"_blank\" rel=\"noreferrer noopener\">Live Lisboa Hostel<\/a><\/li>\n\n\n\n<li><a href=\"https:\/\/www.google.com\/travel\/hotels\/Campo%20Grande%2C%20Lisboa\/entity\/ChoI9YLqpo7_-u_qARoNL2cvMTFidnZfNGN3bhAB\" target=\"_blank\" rel=\"noreferrer noopener\">Avenue Rooms &amp; Suites<\/a><\/li>\n\n\n\n<li><a href=\"https:\/\/www.google.com\/travel\/hotels\/Campo%20Grande%2C%20Lisboa\/entity\/ChkI2om_7__w8PO9ARoML2cvMWhjNDNyN3MyEAE\" target=\"_blank\" rel=\"noreferrer noopener\">Urban Garden Hostel<\/a><\/li>\n<\/ul>\n<\/li>\n<\/ul>\n","protected":false},"excerpt":{"rendered":"<p>O WordCamp Lisboa 2025 realiza-se a 16 e 17 de Maio nas instala\u00e7\u00f5es do ISCTE-IUL, em Lisboa. [English Version] \u00c9 um edif\u00edcio universit\u00e1rio moderno, no centro de Lisboa e acesso a v\u00e1rios transportes p\u00fablicos e espa\u00e7os de estacionamento, sendo constitu\u00eddo por v\u00e1rios audit\u00f3rios, salas de apoio, amplos \u00e1trios e espa\u00e7os exteriores, contando com acessibilidades para [&hellip;]<\/p>\n","protected":false},"author":13884858,"featured_media":518,"parent":0,"menu_order":0,"comment_status":"closed","ping_status":"closed","template":"","meta":{"jetpack_post_was_ever_published":false,"footnotes":""},"class_list":["post-436","page","type-page","status-publish","has-post-thumbnail","hentry"],"jetpack_sharing_enabled":true,"_links":{"self":[{"href":"https:\/\/lisboa.wordcamp.org\/2025\/wp-json\/wp\/v2\/pages\/436","targetHints":{"allow":["GET"]}}],"collection":[{"href":"https:\/\/lisboa.wordcamp.org\/2025\/wp-json\/wp\/v2\/pages"}],"about":[{"href":"https:\/\/lisboa.wordcamp.org\/2025\/wp-json\/wp\/v2\/types\/page"}],"author":[{"embeddable":true,"href":"https:\/\/lisboa.wordcamp.org\/2025\/wp-json\/wp\/v2\/users\/13884858"}],"replies":[{"embeddable":true,"href":"https:\/\/lisboa.wordcamp.org\/2025\/wp-json\/wp\/v2\/comments?post=436"}],"version-history":[{"count":7,"href":"https:\/\/lisboa.wordcamp.org\/2025\/wp-json\/wp\/v2\/pages\/436\/revisions"}],"predecessor-version":[{"id":1270,"href":"https:\/\/lisboa.wordcamp.org\/2025\/wp-json\/wp\/v2\/pages\/436\/revisions\/1270"}],"wp:featuredmedia":[{"embeddable":true,"href":"https:\/\/lisboa.wordcamp.org\/2025\/wp-json\/wp\/v2\/media\/518"}],"wp:attachment":[{"href":"https:\/\/lisboa.wordcamp.org\/2025\/wp-json\/wp\/v2\/media?parent=436"}],"curies":[{"name":"wp","href":"https:\/\/api.w.org\/{rel}","templated":true}]}}