{"id":439,"date":"2024-12-04T18:36:00","date_gmt":"2024-12-04T18:36:00","guid":{"rendered":"https:\/\/lisboa.wordcamp.org\/2025\/?page_id=439"},"modified":"2024-12-28T17:48:44","modified_gmt":"2024-12-28T17:48:44","slug":"codigo-de-conduta","status":"publish","type":"page","link":"https:\/\/lisboa.wordcamp.org\/2025\/codigo-de-conduta\/","title":{"rendered":"C\u00f3digo de conduta"},"content":{"rendered":"\n<h3 class=\"wp-block-heading\">1. Objectivo<\/h3>\n\n\n\n<p>No WordCamp Lisboa acreditamos que a nossa comunidade deve ser verdadeiramente aberta a todos. Como tal, estamos empenhados em proporcionar um ambiente amig\u00e1vel, seguro e acolhedor para todos, independentemente do g\u00e9nero, orienta\u00e7\u00e3o sexual, defici\u00eancias, etnia, religi\u00e3o, idade, classe social, sistema operativo preferido, linguagem de programa\u00e7\u00e3o, ou editor de texto, entre outras caracter\u00edsticas identificadoras.<\/p>\n\n\n\n<p>Este c\u00f3digo de conduta estabelece as nossas expectativas em rela\u00e7\u00e3o ao comportamento dos participantes, bem como as consequ\u00eancias para comportamentos inaceit\u00e1veis.<\/p>\n\n\n\n<p>Convidamos todos os patrocinadores, volunt\u00e1rios, oradores, participantes e outros a ajudar-nos a criar uma experi\u00eancia segura e positiva para todos.<\/p>\n\n\n\n<h3 class=\"wp-block-heading\">2. Cidadania Open Source<\/h3>\n\n\n\n<p>Um objectivo suplementar deste c\u00f3digo de conduta \u00e9 aumentar a cidadania do Open Source (c\u00f3digo aberto), incentivando os participantes a reconhecer e fortalecer as rela\u00e7\u00f5es entre o que fazemos e a comunidade em geral.<\/p>\n\n\n\n<h3 class=\"wp-block-heading\">3. Comportamento esperado<\/h3>\n\n\n\n<ul class=\"wp-block-list\">\n<li>Ser atencioso(a), respeitoso(a) e colaborativo(a).<\/li>\n\n\n\n<li>Abster-se de comportamentos e discursos humilhantes, discriminat\u00f3rios ou de ass\u00e9dio.<\/li>\n\n\n\n<li>Ter consci\u00eancia de quem est\u00e1 em redor e dos colegas participantes. Alertar os organizadores da confer\u00eancia ao detectar uma situa\u00e7\u00e3o perigosa ou algu\u00e9m em perigo.<\/li>\n\n\n\n<li>Participar de forma aut\u00eantica e activa. Ao faz\u00ea-lo est\u00e1 a ajudar a criar o WordCamp Lisboa e a torn\u00e1-lo seu.<\/li>\n<\/ul>\n\n\n\n<h3 class=\"wp-block-heading\">4. Comportamento inaceit\u00e1vel<\/h3>\n\n\n\n<p>Comportamentos inaceit\u00e1veis incluem: conduta intimidante, assediante, abusiva, discriminat\u00f3ria, depreciativa ou humilhante por parte de quaisquer participantes do WordCamp Lisboa e eventos relacionados. Os espa\u00e7os do WordCamp Lisboa podem ser partilhados com outras pessoas, por favor respeite todos os clientes desses locais.<\/p>\n\n\n\n<p>Ass\u00e9dio inclui: coment\u00e1rios verbais ofensivos relacionados com o g\u00e9nero, orienta\u00e7\u00e3o sexual, ra\u00e7a, religi\u00e3o, defici\u00eancias, o uso desadequado de imagens de nudez ou sexuais em espa\u00e7os p\u00fablicos (incluindo <em>slides<\/em> de apresenta\u00e7\u00f5es), intimida\u00e7\u00e3o deliberada, persegui\u00e7\u00e3o, ass\u00e9dio fotogr\u00e1fico ou v\u00eddeo, interrup\u00e7\u00e3o cont\u00ednua de conversas ou outros eventos, contacto f\u00edsico inapropriado e aten\u00e7\u00e3o sexual indesejada.<\/p>\n\n\n\n<p>A promo\u00e7\u00e3o de produtos ou servi\u00e7os comerciais est\u00e1 reservada aos patrocinadores do evento, n\u00e3o incluindo os microsponsors.<\/p>\n\n\n\n<h3 class=\"wp-block-heading\">5. Consequ\u00eancias de comportamento inaceit\u00e1vel<\/h3>\n\n\n\n<p>O comportamento inaceit\u00e1vel n\u00e3o ser\u00e1 tolerado por outros participantes, organizadores, patrocinadores, <em>staff<\/em> dos locais ou outros clientes dos locais do WordCamp Lisboa.<\/p>\n\n\n\n<p>\u00c9 esperado que, a quem for solicitado que pare com comportamentos inaceit\u00e1veis, cumpra de imediato esse pedido.<\/p>\n\n\n\n<p>Se um participante se envolver em comportamento inaceit\u00e1vel, a organiza\u00e7\u00e3o da confer\u00eancia pode tomar qualquer ac\u00e7\u00e3o que considere apropriada, incluindo a expuls\u00e3o da confer\u00eancia, sem aviso ou reembolso.<\/p>\n\n\n\n<h3 class=\"wp-block-heading\">6. O que fazer se testemunhar ou for sujeito(a) a comportamento inaceit\u00e1vel<\/h3>\n\n\n\n<p>Se for sujeito(a) a qualquer comportamento inaceit\u00e1vel, observar que outra pessoa est\u00e1 a ser sujeita a comportamento inaceit\u00e1vel ou tiver outra preocupa\u00e7\u00e3o, por favor, informe o mais rapidamente poss\u00edvel algu\u00e9m da organiza\u00e7\u00e3o da confer\u00eancia.<\/p>\n\n\n\n<p>A equipa do WordCamp Lisboa estar\u00e1 dispon\u00edvel para ajudar a contactar a seguran\u00e7a do local ou as for\u00e7as de seguran\u00e7a, providenciar escolta, ou ajudar de outra forma, quem for sujeito a comportamentos inaceit\u00e1veis, para que se sintam seguros durante a confer\u00eancia. Os volunt\u00e1rios usam uma t-shirt de cor amarela. Qualquer volunt\u00e1rio poder\u00e1 fazer a liga\u00e7\u00e3o com a organiza\u00e7\u00e3o da confer\u00eancia. Pode ainda dirigir-se \u00e0 \u00e1rea de registo e pedir a compar\u00eancia de algu\u00e9m da organiza\u00e7\u00e3o.<\/p>\n\n\n\n<p>Existem dois organizadores, \u00c1lvaro G\u00f3is dos Santos e Fernanda Filipe, escalados especificamente para a liga\u00e7\u00e3o com os participantes, cujos contactos directos ser\u00e3o tornados p\u00fablicos durante a confer\u00eancia.<\/p>\n\n\n\n<h3 class=\"wp-block-heading\">7. \u00c2mbito<\/h3>\n\n\n\n<p>Esperamos que todos os participantes na confer\u00eancia (patrocinadores, volunt\u00e1rios, oradores, participantes e convidados) cumpram este c\u00f3digo de conduta em todos os locais da confer\u00eancia e eventos sociais relacionados.<\/p>\n\n\n\n<h3 class=\"wp-block-heading\">8. Informa\u00e7\u00e3o de contacto<\/h3>\n\n\n\n<p>Pode contactar-nos atrav\u00e9s do <a href=\"https:\/\/lisboa.wordcamp.org\/2025\/contacto\/\" target=\"_blank\" rel=\"noreferrer noopener\">formul\u00e1rio online<\/a>.<\/p>\n\n\n\n<h3 class=\"wp-block-heading\">9. Licen\u00e7a e Cr\u00e9ditos<\/h3>\n\n\n\n<p>Este C\u00f3digo de Conduta \u00e9 uma adapta\u00e7\u00e3o directa do excelente trabalho do Open Source Bridge, mas com a substitui\u00e7\u00e3o da informa\u00e7\u00e3o do nosso evento. O original est\u00e1 dispon\u00edvel em <a href=\"http:\/\/web.archive.org\/web\/20191206083557\/http:\/\/opensourcebridge.org\/about\/code-of-conduct\/\">Open Source Bridge 2018 (arquivado)<\/a> e \u00e9 disponibilizado segundo uma licen\u00e7a <a rel=\"noreferrer noopener\" href=\"http:\/\/creativecommons.org\/licenses\/by-sa\/3.0\/\" target=\"_blank\">Creative Commons de Atribui\u00e7\u00e3o \u2013 Partilha nos Termos da Mesma Licen\u00e7a<\/a>.<\/p>\n","protected":false},"excerpt":{"rendered":"<p>1. Objectivo No WordCamp Lisboa acreditamos que a nossa comunidade deve ser verdadeiramente aberta a todos. Como tal, estamos empenhados em proporcionar um ambiente amig\u00e1vel, seguro e acolhedor para todos, independentemente do g\u00e9nero, orienta\u00e7\u00e3o sexual, defici\u00eancias, etnia, religi\u00e3o, idade, classe social, sistema operativo preferido, linguagem de programa\u00e7\u00e3o, ou editor de texto, entre outras caracter\u00edsticas identificadoras. [&hellip;]<\/p>\n","protected":false},"author":13884858,"featured_media":0,"parent":0,"menu_order":0,"comment_status":"closed","ping_status":"closed","template":"","meta":{"jetpack_post_was_ever_published":false,"footnotes":""},"class_list":["post-439","page","type-page","status-publish","hentry"],"jetpack_sharing_enabled":true,"_links":{"self":[{"href":"https:\/\/lisboa.wordcamp.org\/2025\/wp-json\/wp\/v2\/pages\/439","targetHints":{"allow":["GET"]}}],"collection":[{"href":"https:\/\/lisboa.wordcamp.org\/2025\/wp-json\/wp\/v2\/pages"}],"about":[{"href":"https:\/\/lisboa.wordcamp.org\/2025\/wp-json\/wp\/v2\/types\/page"}],"author":[{"embeddable":true,"href":"https:\/\/lisboa.wordcamp.org\/2025\/wp-json\/wp\/v2\/users\/13884858"}],"replies":[{"embeddable":true,"href":"https:\/\/lisboa.wordcamp.org\/2025\/wp-json\/wp\/v2\/comments?post=439"}],"version-history":[{"count":2,"href":"https:\/\/lisboa.wordcamp.org\/2025\/wp-json\/wp\/v2\/pages\/439\/revisions"}],"predecessor-version":[{"id":579,"href":"https:\/\/lisboa.wordcamp.org\/2025\/wp-json\/wp\/v2\/pages\/439\/revisions\/579"}],"wp:attachment":[{"href":"https:\/\/lisboa.wordcamp.org\/2025\/wp-json\/wp\/v2\/media?parent=439"}],"curies":[{"name":"wp","href":"https:\/\/api.w.org\/{rel}","templated":true}]}}