{"id":455,"date":"2024-12-04T18:45:31","date_gmt":"2024-12-04T18:45:31","guid":{"rendered":"https:\/\/lisboa.wordcamp.org\/2025\/?page_id=455"},"modified":"2025-05-08T14:37:12","modified_gmt":"2025-05-08T13:37:12","slug":"dia-da-comunidade-e-contribuicao","status":"publish","type":"page","link":"https:\/\/lisboa.wordcamp.org\/2025\/dia-da-comunidade-e-contribuicao\/","title":{"rendered":"Dia da Comunidade e Contribui\u00e7\u00e3o"},"content":{"rendered":"\n<p>O Dia do Contribuidor no WordCamp \u00e9 uma oportunidade para contribuir para o projeto WordPress, um projeto de c\u00f3digo aberto que depende da colabora\u00e7\u00e3o da comunidade. \u00c9 um dia dedicado \u00e0 colabora\u00e7\u00e3o, onde os participantes podem se envolver em atividades como programa\u00e7\u00e3o, tradu\u00e7\u00e3o, design, gest\u00e3o de projetos e cria\u00e7\u00e3o de conte\u00fado.<\/p>\n\n\n\n<p>Este ano, o Dia do Contribuidor ser\u00e1 o <strong>Dia da Comunidade e da Contribui\u00e7\u00e3o<\/strong>. Al\u00e9m das atividades tipicamente associadas ao Dia do Contribuidor, iremos debater o estado e o futuro da comunidade WordPress Portugal. As habituais mesas de contribui\u00e7\u00e3o ter\u00e3o um formato mais aberto, em torno dos temas da tradu\u00e7\u00e3o, design e seguran\u00e7a, onde os participantes poder\u00e3o contribuir ou apenas trocar opini\u00f5es e partilhar conhecimentos.<\/p>\n\n\n\n<p>Queres ajudar a definir o futuro do WordPress e da comunidade WordPress Portugal? Participa!<\/p>\n\n\n\n<figure class=\"wp-block-gallery has-nested-images columns-default is-cropped wp-block-gallery-1 is-layout-flex wp-block-gallery-is-layout-flex\">\n<figure class=\"wp-block-image size-large\"><img decoding=\"async\" data-id=\"399\" src=\"https:\/\/lisboa.wordcamp.org\/2023\/files\/2022\/06\/wpcamp2019-day2-31-1024x683.jpeg\" alt=\"People sitting working on their computer.\" class=\"wp-image-399\" \/><\/figure>\n\n\n\n<figure class=\"wp-block-image size-large\"><img decoding=\"async\" data-id=\"4031\" src=\"https:\/\/lisboa.wordcamp.org\/2023\/files\/2023\/04\/34866066372_8dac4d1ac9_k-1024x683.jpeg\" alt=\"\" class=\"wp-image-4031\" \/><\/figure>\n\n\n\n<figure class=\"wp-block-image size-large\"><img decoding=\"async\" data-id=\"4032\" src=\"https:\/\/lisboa.wordcamp.org\/2023\/files\/2023\/04\/34898028111_0799912e24_k-1024x683.jpeg\" alt=\"\" class=\"wp-image-4032\" \/><\/figure>\n\n\n\n<figure class=\"wp-block-image size-large\"><img decoding=\"async\" data-id=\"4033\" src=\"https:\/\/lisboa.wordcamp.org\/2023\/files\/2023\/04\/34989704036_358d756a08_k-1024x683.jpeg\" alt=\"\" class=\"wp-image-4033\" \/><\/figure>\n\n\n\n<figure class=\"wp-block-image size-large\"><img decoding=\"async\" data-id=\"4030\" src=\"https:\/\/lisboa.wordcamp.org\/2023\/files\/2023\/04\/wpcamp2019-day2-12-1024x683-1.jpeg\" alt=\"\" class=\"wp-image-4030\" \/><\/figure>\n\n\n\n<figure class=\"wp-block-image size-large\"><img decoding=\"async\" data-id=\"4029\" src=\"https:\/\/lisboa.wordcamp.org\/2023\/files\/2023\/04\/wpcamp2019-day2-38-1024x683-1.jpeg\" alt=\"\" class=\"wp-image-4029\" \/><\/figure>\n<\/figure>\n\n\n\n<hr class=\"wp-block-separator has-alpha-channel-opacity\" \/>\n\n\n\n<div style=\"height:100px\" aria-hidden=\"true\" class=\"wp-block-spacer\"><\/div>\n\n\n\n<h2 class=\"wp-block-heading has-text-align-center\">Programa<\/h2>\n\n\n\n<div\n\tclass=\"wp-block-wordcamp-schedule alignwide is-loading\"\n\t\tdata-attributes=\"{&quot;__isStylesPreview&quot;:false,&quot;align&quot;:&quot;wide&quot;,&quot;chooseSpecificDays&quot;:true,&quot;chosenDays&quot;:[&quot;2023-05-19&quot;,&quot;2025-05-16&quot;],&quot;chooseSpecificTracks&quot;:false,&quot;chosenTrackIds&quot;:[],&quot;showCategories&quot;:true,&quot;useClientTimezone&quot;:false,&quot;className&quot;:&quot;is-style-default&quot;}\"\n>\n\tA carregar&#8230;<\/div>\n\n\n\t<div class=\"email-form fav-session-email-form-hide\">\n\t\t<!-- Tab links -->\n\t\t<div class=\"fav-session-share-tab\">\n\t\t\t\t\t\t\t<div class=\"fav-session-tablinks\" id=\"fav-session-btn-email\">\n\t\t\t\t\tEmail\t\t\t\t<\/div>\n\t\t\t\n\t\t\t<div class=\"fav-session-tablinks\" id=\"fav-session-btn-link\">\n\t\t\t\tLiga\u00e7\u00e3o\t\t\t<\/div>\n\n\t\t\t<div class=\"fav-session-tablinks\" id=\"fav-session-btn-print\">\n\t\t\t\tImprimir\t\t\t<\/div>\n\t\t<\/div>\n\n\t\t<!-- Tab content -->\n\t\t\t\t\t<div id=\"fav-session-tab-email\" class=\"fav-session-share-tabcontent\">\n\t\t\t\t<div id=\"fav-session-email-form\">\n\t\t\t\t\tEnvie-me as minhas sess\u00f5es favoritas:\n\t\t\t\t\t<form id=\"fav-sessions-form\">\n\t\t\t\t\t\t<input\n\t\t\t\t\t\t\ttype=\"text\"\n\t\t\t\t\t\t\tname=\"email_address\"\n\t\t\t\t\t\t\tid=\"fav-sessions-email-address\"\n\t\t\t\t\t\t\tplaceholder=\"me@protonmail.com\"\n\t\t\t\t\t\t\/>\n\t\t\t\t\t\t<input type=\"submit\" value=\"Enviar\" \/>\n\t\t\t\t\t<\/form>\n\t\t\t\t<\/div>\n\n\t\t\t\t<div class=\"fav-session-email-wait-spinner\"><\/div>\n\t\t\t\t<div class=\"fav-session-email-result\"><\/div>\n\t\t\t<\/div>\n\t\t\n\t\t<div id=\"fav-session-tab-link\" class=\"fav-session-share-tabcontent\">\n\t\t\tShareable link:\t\t\t<br \/>\n\t\t\t<a id=\"fav-sessions-link\" href=\"\"><\/a>\n\t\t<\/div>\n\n\t\t<div id=\"fav-session-tab-print\" class=\"fav-session-share-tabcontent\">\n\t\t\t<button id=\"fav-session-print\">\n\t\t\t\tPrint favorite sessions\t\t\t<\/button>\n\t\t<\/div>\n\t<\/div>\n\n\t<a class=\"show-email-form\" href=\"javascript:\">\n\t\t<span class=\"dashicons dashicons-star-filled\"><\/span>\n\t\t<span class=\"dashicons dashicons-email-alt\"><\/span>\n\t<\/a>\n\n\t","protected":false},"excerpt":{"rendered":"<p>O Dia do Contribuidor no WordCamp \u00e9 uma oportunidade para contribuir para o projeto WordPress, um projeto de c\u00f3digo aberto que depende da colabora\u00e7\u00e3o da comunidade. \u00c9 um dia dedicado \u00e0 colabora\u00e7\u00e3o, onde os participantes podem se envolver em atividades como programa\u00e7\u00e3o, tradu\u00e7\u00e3o, design, gest\u00e3o de projetos e cria\u00e7\u00e3o de conte\u00fado. Este ano, o Dia [&hellip;]<\/p>\n","protected":false},"author":13884858,"featured_media":0,"parent":0,"menu_order":0,"comment_status":"closed","ping_status":"closed","template":"","meta":{"jetpack_post_was_ever_published":false,"footnotes":""},"class_list":["post-455","page","type-page","status-publish","hentry"],"jetpack_sharing_enabled":true,"_links":{"self":[{"href":"https:\/\/lisboa.wordcamp.org\/2025\/wp-json\/wp\/v2\/pages\/455","targetHints":{"allow":["GET"]}}],"collection":[{"href":"https:\/\/lisboa.wordcamp.org\/2025\/wp-json\/wp\/v2\/pages"}],"about":[{"href":"https:\/\/lisboa.wordcamp.org\/2025\/wp-json\/wp\/v2\/types\/page"}],"author":[{"embeddable":true,"href":"https:\/\/lisboa.wordcamp.org\/2025\/wp-json\/wp\/v2\/users\/13884858"}],"replies":[{"embeddable":true,"href":"https:\/\/lisboa.wordcamp.org\/2025\/wp-json\/wp\/v2\/comments?post=455"}],"version-history":[{"count":8,"href":"https:\/\/lisboa.wordcamp.org\/2025\/wp-json\/wp\/v2\/pages\/455\/revisions"}],"predecessor-version":[{"id":3052,"href":"https:\/\/lisboa.wordcamp.org\/2025\/wp-json\/wp\/v2\/pages\/455\/revisions\/3052"}],"wp:attachment":[{"href":"https:\/\/lisboa.wordcamp.org\/2025\/wp-json\/wp\/v2\/media?parent=455"}],"curies":[{"name":"wp","href":"https:\/\/api.w.org\/{rel}","templated":true}]}}